{"id":164,"date":"2021-08-11T03:49:19","date_gmt":"2021-08-11T03:49:19","guid":{"rendered":"https:\/\/spcycjet.tradeoptimize-clients.com\/?post_type=product&#038;p=164"},"modified":"2025-06-06T07:29:17","modified_gmt":"2025-06-06T07:29:17","slug":"cycjet-d16l-large-character-inkjet-printer","status":"publish","type":"product","link":"https:\/\/www.cycjetes.com\/?product=cycjet-d16l-large-character-inkjet-printer","title":{"rendered":"Impresora de inyecci\u00f3n de tinta de caracteres grandes CYCJET D16L"},"content":{"rendered":"<div class=\"row row-full-width\"  id=\"row-569054083\">\n\n\t<div id=\"col-235281975\" class=\"col medium-6 small-12 large-6\"  data-animate=\"fadeInLeft\">\n\t\t<div class=\"col-inner\"  >\n\t\t\t\n\t\t\t\n<div class=\"tem378-irregular noScrollMove bgFixed clearBg\">\n<div class=\"content-right content-section noScrollMove tem44-irregular\">\n<div class=\"container\">\n<div class=\"row\">\n<div class=\"flexBoxStem irregular-item\">\n<div class=\"flexBoxFill col-lg-9 col-md-9 col-sm-9 col-xs-12 content-float\">\n<div>\n<div class=\"tem06-irregular-text wow animated fadeInUp\">\n<div class=\"h2 bg-color-after font-color-gray-level-3 title\">\n<section>\n<h3><span style=\"color: #333399\"><strong>DESCRIPCI\u00d3N DEL PRODUCTO<\/strong><\/span><\/h3>\n<\/section>\n<\/div>\n<div class=\"text description\">\n<section>\n<table data-sort=\"sortDisabled\">\n<tbody>\n<tr class=\"firstRow\">\n<td colspan=\"4\" rowspan=\"1\" valign=\"top\" width=\"749\">7 puntos (Modelo: D07L), tama\u00f1o de fuente m\u00e1x. 25 mm, solo una l\u00ednea<\/td>\n<\/tr>\n<tr>\n<td colspan=\"4\" rowspan=\"1\" valign=\"top\" width=\"94\">16 puntos (Modelo: D16L), tama\u00f1o de fuente m\u00e1x. 60 mm, m\u00e1x. 2 l\u00edneas de impresi\u00f3n<\/td>\n<\/tr>\n<tr>\n<td colspan=\"4\" rowspan=\"1\" valign=\"top\" width=\"94\">32 puntos (Modelo: D32L), tama\u00f1o de fuente m\u00e1x. 120 mm, m\u00e1x. 4 l\u00edneas de impresi\u00f3n<\/td>\n<\/tr>\n<\/tbody>\n<\/table>\n<\/section>\n<\/div>\n<\/div>\n<\/div>\n<\/div>\n<\/div>\n<\/div>\n<\/div>\n<\/div>\n<\/div>\n\t\t<\/div>\n\t\t\t<\/div>\n\n\t\n\n\t<div id=\"col-1907073943\" class=\"col medium-6 small-12 large-6\"  data-animate=\"fadeInRight\">\n\t\t<div class=\"col-inner\"  >\n\t\t\t\n\t\t\t\n\t<div class=\"img has-hover x md-x lg-x y md-y lg-y\" id=\"image_1572076854\">\n\t\t\t\t\t\t\t\t<div class=\"img-inner dark\" >\n\t\t\t<img loading=\"lazy\" decoding=\"async\" width=\"930\" height=\"617\" src=\"https:\/\/www.cycjetes.com\/wp-content\/uploads\/2021\/09\/ICM-LCIP-02.webp\" class=\"attachment-large size-large\" alt=\"\" srcset=\"https:\/\/www.cycjetes.com\/wp-content\/uploads\/2021\/09\/ICM-LCIP-02.webp 930w, https:\/\/www.cycjetes.com\/wp-content\/uploads\/2021\/09\/ICM-LCIP-02-300x199.webp 300w, https:\/\/www.cycjetes.com\/wp-content\/uploads\/2021\/09\/ICM-LCIP-02-768x510.webp 768w, https:\/\/www.cycjetes.com\/wp-content\/uploads\/2021\/09\/ICM-LCIP-02-600x398.webp 600w\" sizes=\"auto, (max-width: 930px) 100vw, 930px\" \/>\t\t\t\t\t\t\n\t\t\t\t\t<\/div>\n\t\t\t\t\t\t\t\t\n<style>\n#image_1572076854 {\n  width: 100%;\n}\n<\/style>\n\t<\/div>\n\t\n\t\t<\/div>\n\t\t\t<\/div>\n\n\t\n<\/div>\n<div class=\"row row-full-width\"  id=\"row-400043433\">\n\n\t<div id=\"col-2050992519\" class=\"col small-12 large-12\"  >\n\t\t<div class=\"col-inner\"  >\n\t\t\t\n\t\t\t\n<div class=\"container section-title-container\" ><h2 class=\"section-title section-title-center\"><b><\/b><span class=\"section-title-main\" style=\"color:rgb(14, 24, 184);\">APLICACI\u00d3N<\/span><b><\/b><\/h2><\/div>\n\t\t<\/div>\n\t\t\t<\/div>\n\n\t\n\n\t<div id=\"col-787979925\" class=\"col medium-4 small-12 large-4\"  >\n\t\t<div class=\"col-inner\"  >\n\t\t\t\n\t<div class=\"is-border\"\n\t\tstyle=\"border-color:rgb(255, 195, 0);border-radius:50px;border-width:2px 2px 2px 2;\">\n\t<\/div>\n\t\t\t\n\t<div class=\"box has-hover   has-hover box-text-bottom\" >\n\n\t\t<div class=\"box-image\" >\n\t\t\t\t\t\t<div class=\"\" >\n\t\t\t\t<img loading=\"lazy\" decoding=\"async\" width=\"750\" height=\"563\" src=\"https:\/\/www.cycjetes.com\/wp-content\/uploads\/2021\/09\/ICM-LCIP-03-App-1.webp\" class=\"attachment- size-\" alt=\"\" srcset=\"https:\/\/www.cycjetes.com\/wp-content\/uploads\/2021\/09\/ICM-LCIP-03-App-1.webp 750w, https:\/\/www.cycjetes.com\/wp-content\/uploads\/2021\/09\/ICM-LCIP-03-App-1-300x225.webp 300w, https:\/\/www.cycjetes.com\/wp-content\/uploads\/2021\/09\/ICM-LCIP-03-App-1-600x450.webp 600w\" sizes=\"auto, (max-width: 750px) 100vw, 750px\" \/>\t\t\t\t\t\t\t\t\t\t\t<\/div>\n\t\t\t\t\t<\/div>\n\n\t\t<div class=\"box-text text-center\" >\n\t\t\t<div class=\"box-text-inner\">\n\t\t\t\t\n<h4><span style=\"color: #333399\">Estructura de Acero<\/span><\/h4>\n<p>El acero es un material indispensable en la construcci\u00f3n nacional, la fabricaci\u00f3n y la vida cotidiana de las personas. Se utiliza ampliamente. Seg\u00fan la forma de la secci\u00f3n, el acero generalmente se divide en cuatro categor\u00edas: perfiles, placas, tubos y productos met\u00e1licos. Los diferentes aceros necesitan la identificaci\u00f3n correspondiente con el est\u00e1ndar nacional: modelo, n\u00famero de lote, especificaci\u00f3n, informaci\u00f3n de la empresa, etc. CYCJET ALT160Plus tiene un dise\u00f1o elegante y compacto para facilitar el marcado de logotipos en cualquier escenario.<\/p>\n\t\t\t<\/div>\n\t\t<\/div>\n\t<\/div>\n\t\n\t\t<\/div>\n\t\t\t<\/div>\n\n\t\n\n\t<div id=\"col-579099297\" class=\"col medium-4 small-12 large-4\"  >\n\t\t<div class=\"col-inner\"  >\n\t\t\t\n\t<div class=\"is-border\"\n\t\tstyle=\"border-color:rgb(255, 195, 0);border-radius:50px;border-width:2px 2px 2px 2;\">\n\t<\/div>\n\t\t\t\n\t<div class=\"box has-hover   has-hover box-text-bottom\" >\n\n\t\t<div class=\"box-image\" >\n\t\t\t\t\t\t<div class=\"\" >\n\t\t\t\t<img loading=\"lazy\" decoding=\"async\" width=\"750\" height=\"563\" src=\"https:\/\/www.cycjetes.com\/wp-content\/uploads\/2021\/09\/ICM-LCIP-03-App-2.webp\" class=\"attachment- size-\" alt=\"\" srcset=\"https:\/\/www.cycjetes.com\/wp-content\/uploads\/2021\/09\/ICM-LCIP-03-App-2.webp 750w, https:\/\/www.cycjetes.com\/wp-content\/uploads\/2021\/09\/ICM-LCIP-03-App-2-300x225.webp 300w, https:\/\/www.cycjetes.com\/wp-content\/uploads\/2021\/09\/ICM-LCIP-03-App-2-600x450.webp 600w\" sizes=\"auto, (max-width: 750px) 100vw, 750px\" \/>\t\t\t\t\t\t\t\t\t\t\t<\/div>\n\t\t\t\t\t<\/div>\n\n\t\t<div class=\"box-text text-center\" >\n\t\t\t<div class=\"box-text-inner\">\n\t\t\t\t\n<h4><span style=\"color: #333399\">Tuber\u00edas de Acero<\/span><\/h4>\n<p>El edificio de concreto prefabricado es un tipo de estructura de concreto construido principalmente con componentes prefabricados de concreto armado y ensamblado en el sitio, lo que mejora la calidad de ingenier\u00eda y la eficiencia de construcci\u00f3n. Los componentes prefabricados de concreto dise\u00f1ados son diversos, por lo que para mejorar la eficiencia de ensamblaje en el sitio se requiere la identificaci\u00f3n del n\u00famero. Debido a la variedad de componentes prefabricados, se necesita una gran cantidad de plantillas, lo que incrementa la carga de trabajo y la posibilidad de errores. CYCJET ha eliminado estas desventajas. Su dise\u00f1o compacto con una gran pantalla t\u00e1ctil LCD permite ajustar el tama\u00f1o de fuente para diferentes componentes prefabricados de manera flexible.<\/p>\n\t\t\t<\/div>\n\t\t<\/div>\n\t<\/div>\n\t\n\t\t<\/div>\n\t\t\t<\/div>\n\n\t\n\n\t<div id=\"col-888743243\" class=\"col medium-4 small-12 large-4\"  >\n\t\t<div class=\"col-inner\"  >\n\t\t\t\n\t<div class=\"is-border\"\n\t\tstyle=\"border-color:rgb(255, 195, 0);border-radius:50px;border-width:2px 2px 2px 2;\">\n\t<\/div>\n\t\t\t\n\t<div class=\"box has-hover   has-hover box-text-bottom\" >\n\n\t\t<div class=\"box-image\" >\n\t\t\t\t\t\t<div class=\"\" >\n\t\t\t\t<img loading=\"lazy\" decoding=\"async\" width=\"750\" height=\"563\" src=\"https:\/\/www.cycjetes.com\/wp-content\/uploads\/2021\/09\/ICM-LCIP-03-App-3.webp\" class=\"attachment- size-\" alt=\"\" srcset=\"https:\/\/www.cycjetes.com\/wp-content\/uploads\/2021\/09\/ICM-LCIP-03-App-3.webp 750w, https:\/\/www.cycjetes.com\/wp-content\/uploads\/2021\/09\/ICM-LCIP-03-App-3-300x225.webp 300w, https:\/\/www.cycjetes.com\/wp-content\/uploads\/2021\/09\/ICM-LCIP-03-App-3-600x450.webp 600w\" sizes=\"auto, (max-width: 750px) 100vw, 750px\" \/>\t\t\t\t\t\t\t\t\t\t\t<\/div>\n\t\t\t\t\t<\/div>\n\n\t\t<div class=\"box-text text-center\" >\n\t\t\t<div class=\"box-text-inner\">\n\t\t\t\t\n<h4><span style=\"color: #333399\">Concreto<\/span><\/h4>\n<p>Debido a los diferentes di\u00e1metros y formas, las tuber\u00edas de acero se pueden dividir en redondas, cuadradas, rectangulares y de forma especial. Se utilizan en conductos, estructuras de ingenier\u00eda, equipos t\u00e9rmicos, petroqu\u00edmica, fabricaci\u00f3n de maquinaria, perforaci\u00f3n geol\u00f3gica, equipos de alta presi\u00f3n, puentes, entre otros. Por lo tanto, es necesario un m\u00e9todo de impresi\u00f3n m\u00e1s eficiente para el marcado. La impresora de tinta de punto grande satisface las necesidades de identificaci\u00f3n de producci\u00f3n de las empresas de tuber\u00edas de acero y permite ajustar el contenido, tama\u00f1o de fuente y par\u00e1metros de impresi\u00f3n en cualquier momento a trav\u00e9s de pantalla t\u00e1ctil, WIFI, Bluetooth, etc. Se adapta f\u00e1cilmente a superficies redondas, rectangulares o con formas especiales.<\/p>\n\t\t\t<\/div>\n\t\t<\/div>\n\t<\/div>\n\t\n\t\t<\/div>\n\t\t\t<\/div>\n\n\t\n<\/div>\n<div class=\"row row-full-width\"  id=\"row-1250347993\">\n\n\t<div id=\"col-943335329\" class=\"col small-12 large-12\"  >\n\t\t<div class=\"col-inner\"  >\n\t\t\t\n\t\t\t\n<div class=\"container section-title-container\" ><h2 class=\"section-title section-title-center\"><b><\/b><span class=\"section-title-main\" style=\"color:rgb(14, 24, 184);\">ESPECIFICACIONES T\u00c9CNICAS<\/span><b><\/b><\/h2><\/div>\n\t\t<\/div>\n\t\t\t<\/div>\n\n\t\n\n\t<div id=\"col-1181306451\" class=\"col small-12 large-12\"  >\n\t\t<div class=\"col-inner\"  >\n\t\t\t\n\t\t\t\n<table class=\"table table-bordered table-hover\">\n<tbody>\n<tr class=\"firstRow\">\n<td valign=\"center\" width=\"185\">Altura de Impresi\u00f3n<\/td>\n<td valign=\"center\" width=\"497\">25&#8211;60 mm<\/td>\n<\/tr>\n<tr>\n<td valign=\"center\" width=\"185\">Espaciado de Impresi\u00f3n<\/td>\n<td valign=\"center\" width=\"497\">8&#8211;10 mm<\/td>\n<\/tr>\n<tr>\n<td valign=\"center\" width=\"185\">L\u00edneas de Impresi\u00f3n<\/td>\n<td valign=\"center\" width=\"497\">M\u00e1ximo 2 l\u00edneas<\/td>\n<\/tr>\n<tr>\n<td valign=\"center\" width=\"185\">Configuraci\u00f3n B\u00e1sica<\/td>\n<td valign=\"center\" width=\"497\">Impresi\u00f3n de hasta dos l\u00edneas de n\u00fameros o letras en ingl\u00e9s, base de datos con caracteres chinos est\u00e1ndar nacionales, letras en ingl\u00e9s, gr\u00e1ficos simples personalizados. No requiere fuente de aire externa. Garant\u00eda gratuita por un a\u00f1o.<\/td>\n<\/tr>\n<tr>\n<td valign=\"center\" width=\"185\">Velocidad de Impresi\u00f3n<\/td>\n<td valign=\"center\" width=\"497\">80 m\/min<\/td>\n<\/tr>\n<tr>\n<td valign=\"center\" width=\"185\">Funciones de Software<\/td>\n<td valign=\"center\" width=\"497\">Fecha con reloj en tiempo real, contador de productos, frecuencia<\/td>\n<\/tr>\n<tr>\n<td valign=\"center\" width=\"185\">Funciones de Operaci\u00f3n<\/td>\n<td valign=\"center\" width=\"497\">Sistema operativo en ingl\u00e9s, retardo de impresi\u00f3n, ancho de fuente, altura de fuente, orientaci\u00f3n, autolimpieza, configuraci\u00f3n de sensores.<\/td>\n<\/tr>\n<tr>\n<td valign=\"center\" width=\"185\">Contenido de Impresi\u00f3n<\/td>\n<td valign=\"center\" width=\"497\">Fecha real, hora real, letras, turno de trabajo, n\u00famero de serie, n\u00famero de lote, n\u00famero de partida pueden imprimirse libremente.<\/td>\n<\/tr>\n<tr>\n<td valign=\"center\" width=\"185\">Direcci\u00f3n de Impresi\u00f3n<\/td>\n<td valign=\"center\" width=\"497\">Impresi\u00f3n hacia arriba, hacia abajo, lateral (impresi\u00f3n en 360\u00b0)<\/td>\n<\/tr>\n<tr>\n<td valign=\"center\" width=\"185\">Interfaces de Usuario<\/td>\n<td valign=\"center\" width=\"497\">Interfaz tipo imagen y men\u00fa en chino o ingl\u00e9s (espa\u00f1ol, portugu\u00e9s, \u00e1rabe), lo que ves es lo que obtienes.<\/td>\n<\/tr>\n<tr>\n<td valign=\"center\" width=\"185\">Funci\u00f3n de Memoria<\/td>\n<td valign=\"center\" width=\"497\">M\u00e1s de 60 textos pueden almacenarse<\/td>\n<\/tr>\n<tr>\n<td valign=\"center\" width=\"185\">Color de Tinta<\/td>\n<td valign=\"center\" width=\"497\">Negro, rojo, amarillo, azul, blanco<\/td>\n<\/tr>\n<tr>\n<td valign=\"center\" width=\"185\">Nivel de Protecci\u00f3n<\/td>\n<td valign=\"center\" width=\"497\">No adecuado para ambientes de alta humedad o con mucho polvo<\/td>\n<\/tr>\n<tr>\n<td valign=\"center\" width=\"185\">Peso de la M\u00e1quina<\/td>\n<td valign=\"center\" width=\"497\">5.3 kg<\/td>\n<\/tr>\n<tr>\n<td valign=\"center\" width=\"185\">Alimentaci\u00f3n<\/td>\n<td valign=\"center\" width=\"497\">AC220V\u00b110%, 50-60HZ, 5 W<\/td>\n<\/tr>\n<tr>\n<td valign=\"center\" width=\"185\">Rango de Humedad<\/td>\n<td valign=\"center\" width=\"497\">10-90% Sin condensaci\u00f3n<\/td>\n<\/tr>\n<tr>\n<td valign=\"center\" width=\"185\">Rango de Temperatura<\/td>\n<td valign=\"center\" width=\"497\">5-40\u00b0C<\/td>\n<\/tr>\n<tr>\n<td valign=\"center\" width=\"185\">Otros<\/td>\n<td valign=\"center\" width=\"497\">No necesita conexi\u00f3n a aire comprimido externo ni disolventes (como diluyentes)<\/td>\n<\/tr>\n<\/tbody>\n<\/table>\n\t\t<\/div>\n\t\t\t<\/div>\n\n\t\n<\/div>\n","protected":false},"excerpt":{"rendered":"<table>\n<tbody>\n<tr>\n<td width=\"176\"><strong>Modelo:<\/strong><\/td>\n<td width=\"182\">D16L<\/td>\n<\/tr>\n<tr>\n<td width=\"176\"><strong>Marca: <\/strong><\/td>\n<td width=\"182\">CYCJET<\/td>\n<\/tr>\n<tr>\n<td width=\"176\"><strong>MOQ<\/strong>:<\/td>\n<td width=\"182\">1 Set<\/td>\n<\/tr>\n<tr>\n<td width=\"176\"><strong>Certificaci\u00f3n: <\/strong><\/td>\n<td width=\"182\">CE<\/td>\n<\/tr>\n<tr>\n<td width=\"176\"><strong>Pago:<\/strong><\/td>\n<td width=\"182\">T\/T, L\/C, West union, Paypal<\/td>\n<\/tr>\n<tr>\n<td width=\"176\"><strong>Garant\u00eda:<\/strong><\/td>\n<td width=\"182\">1 A\u00f1o<\/td>\n<\/tr>\n<\/tbody>\n<\/table>\n","protected":false},"featured_media":492,"comment_status":"closed","ping_status":"closed","template":"","meta":[],"product_brand":[],"product_cat":[19,23],"product_tag":[],"class_list":{"0":"post-164","1":"product","2":"type-product","3":"status-publish","4":"has-post-thumbnail","6":"product_cat-inkjet-coding-machines","7":"product_cat-large-character-inkjet-printer","9":"first","10":"instock","11":"shipping-taxable","12":"product-type-simple"},"yoast_head":"<!-- This site is optimized with the Yoast SEO plugin v25.2 - https:\/\/yoast.com\/wordpress\/plugins\/seo\/ -->\n<title>Impresora de inyecci\u00f3n de tinta de caracteres grandes CYCJET D16L - CYCJET<\/title>\n<meta name=\"robots\" content=\"index, follow, max-snippet:-1, max-image-preview:large, max-video-preview:-1\" \/>\n<link rel=\"canonical\" href=\"https:\/\/www.cycjetes.com\/?product=cycjet-d16l-large-character-inkjet-printer\" \/>\n<meta property=\"og:locale\" content=\"en_US\" \/>\n<meta property=\"og:type\" content=\"article\" \/>\n<meta property=\"og:title\" content=\"Impresora de inyecci\u00f3n de tinta de caracteres grandes CYCJET D16L - CYCJET\" \/>\n<meta property=\"og:description\" content=\"Modelo: D16L   Marca:  CYCJET   MOQ: 1 Set   Certificaci\u00f3n:  CE   Pago: T\/T, L\/C, West union, Paypal   Garant\u00eda: 1 A\u00f1o\" \/>\n<meta property=\"og:url\" content=\"https:\/\/www.cycjetes.com\/?product=cycjet-d16l-large-character-inkjet-printer\" \/>\n<meta property=\"og:site_name\" content=\"CYCJET\" \/>\n<meta property=\"article:modified_time\" content=\"2025-06-06T07:29:17+00:00\" \/>\n<meta property=\"og:image\" content=\"https:\/\/www.cycjetes.com\/wp-content\/uploads\/2021\/08\/15972134118739.jpg\" \/>\n\t<meta property=\"og:image:width\" content=\"800\" \/>\n\t<meta property=\"og:image:height\" content=\"800\" \/>\n\t<meta property=\"og:image:type\" content=\"image\/jpeg\" \/>\n<meta name=\"twitter:card\" content=\"summary_large_image\" \/>\n<script type=\"application\/ld+json\" class=\"yoast-schema-graph\">{\"@context\":\"https:\/\/schema.org\",\"@graph\":[{\"@type\":\"WebPage\",\"@id\":\"https:\/\/www.cycjetes.com\/?product=cycjet-d16l-large-character-inkjet-printer\",\"url\":\"https:\/\/www.cycjetes.com\/?product=cycjet-d16l-large-character-inkjet-printer\",\"name\":\"Impresora de inyecci\u00f3n de tinta de caracteres grandes CYCJET D16L - CYCJET\",\"isPartOf\":{\"@id\":\"https:\/\/www.cycjetes.com\/#website\"},\"primaryImageOfPage\":{\"@id\":\"https:\/\/www.cycjetes.com\/?product=cycjet-d16l-large-character-inkjet-printer#primaryimage\"},\"image\":{\"@id\":\"https:\/\/www.cycjetes.com\/?product=cycjet-d16l-large-character-inkjet-printer#primaryimage\"},\"thumbnailUrl\":\"https:\/\/www.cycjetes.com\/wp-content\/uploads\/2021\/08\/15972134118739.jpg\",\"datePublished\":\"2021-08-11T03:49:19+00:00\",\"dateModified\":\"2025-06-06T07:29:17+00:00\",\"breadcrumb\":{\"@id\":\"https:\/\/www.cycjetes.com\/?product=cycjet-d16l-large-character-inkjet-printer#breadcrumb\"},\"inLanguage\":\"en-US\",\"potentialAction\":[{\"@type\":\"ReadAction\",\"target\":[\"https:\/\/www.cycjetes.com\/?product=cycjet-d16l-large-character-inkjet-printer\"]}]},{\"@type\":\"ImageObject\",\"inLanguage\":\"en-US\",\"@id\":\"https:\/\/www.cycjetes.com\/?product=cycjet-d16l-large-character-inkjet-printer#primaryimage\",\"url\":\"https:\/\/www.cycjetes.com\/wp-content\/uploads\/2021\/08\/15972134118739.jpg\",\"contentUrl\":\"https:\/\/www.cycjetes.com\/wp-content\/uploads\/2021\/08\/15972134118739.jpg\",\"width\":800,\"height\":800},{\"@type\":\"BreadcrumbList\",\"@id\":\"https:\/\/www.cycjetes.com\/?product=cycjet-d16l-large-character-inkjet-printer#breadcrumb\",\"itemListElement\":[{\"@type\":\"ListItem\",\"position\":1,\"name\":\"Home\",\"item\":\"https:\/\/www.cycjetes.com\/\"},{\"@type\":\"ListItem\",\"position\":2,\"name\":\"Products\",\"item\":\"https:\/\/www.cycjetes.com\/?page_id=7\"},{\"@type\":\"ListItem\",\"position\":3,\"name\":\"Impresora de inyecci\u00f3n de tinta de caracteres grandes CYCJET D16L\"}]},{\"@type\":\"WebSite\",\"@id\":\"https:\/\/www.cycjetes.com\/#website\",\"url\":\"https:\/\/www.cycjetes.com\/\",\"name\":\"CYCJET\",\"description\":\"\",\"potentialAction\":[{\"@type\":\"SearchAction\",\"target\":{\"@type\":\"EntryPoint\",\"urlTemplate\":\"https:\/\/www.cycjetes.com\/?s={search_term_string}\"},\"query-input\":{\"@type\":\"PropertyValueSpecification\",\"valueRequired\":true,\"valueName\":\"search_term_string\"}}],\"inLanguage\":\"en-US\"}]}<\/script>\n<!-- \/ Yoast SEO plugin. -->","yoast_head_json":{"title":"Impresora de inyecci\u00f3n de tinta de caracteres grandes CYCJET D16L - CYCJET","robots":{"index":"index","follow":"follow","max-snippet":"max-snippet:-1","max-image-preview":"max-image-preview:large","max-video-preview":"max-video-preview:-1"},"canonical":"https:\/\/www.cycjetes.com\/?product=cycjet-d16l-large-character-inkjet-printer","og_locale":"en_US","og_type":"article","og_title":"Impresora de inyecci\u00f3n de tinta de caracteres grandes CYCJET D16L - CYCJET","og_description":"Modelo: D16L   Marca:  CYCJET   MOQ: 1 Set   Certificaci\u00f3n:  CE   Pago: T\/T, L\/C, West union, Paypal   Garant\u00eda: 1 A\u00f1o","og_url":"https:\/\/www.cycjetes.com\/?product=cycjet-d16l-large-character-inkjet-printer","og_site_name":"CYCJET","article_modified_time":"2025-06-06T07:29:17+00:00","og_image":[{"width":800,"height":800,"url":"https:\/\/www.cycjetes.com\/wp-content\/uploads\/2021\/08\/15972134118739.jpg","type":"image\/jpeg"}],"twitter_card":"summary_large_image","schema":{"@context":"https:\/\/schema.org","@graph":[{"@type":"WebPage","@id":"https:\/\/www.cycjetes.com\/?product=cycjet-d16l-large-character-inkjet-printer","url":"https:\/\/www.cycjetes.com\/?product=cycjet-d16l-large-character-inkjet-printer","name":"Impresora de inyecci\u00f3n de tinta de caracteres grandes CYCJET D16L - CYCJET","isPartOf":{"@id":"https:\/\/www.cycjetes.com\/#website"},"primaryImageOfPage":{"@id":"https:\/\/www.cycjetes.com\/?product=cycjet-d16l-large-character-inkjet-printer#primaryimage"},"image":{"@id":"https:\/\/www.cycjetes.com\/?product=cycjet-d16l-large-character-inkjet-printer#primaryimage"},"thumbnailUrl":"https:\/\/www.cycjetes.com\/wp-content\/uploads\/2021\/08\/15972134118739.jpg","datePublished":"2021-08-11T03:49:19+00:00","dateModified":"2025-06-06T07:29:17+00:00","breadcrumb":{"@id":"https:\/\/www.cycjetes.com\/?product=cycjet-d16l-large-character-inkjet-printer#breadcrumb"},"inLanguage":"en-US","potentialAction":[{"@type":"ReadAction","target":["https:\/\/www.cycjetes.com\/?product=cycjet-d16l-large-character-inkjet-printer"]}]},{"@type":"ImageObject","inLanguage":"en-US","@id":"https:\/\/www.cycjetes.com\/?product=cycjet-d16l-large-character-inkjet-printer#primaryimage","url":"https:\/\/www.cycjetes.com\/wp-content\/uploads\/2021\/08\/15972134118739.jpg","contentUrl":"https:\/\/www.cycjetes.com\/wp-content\/uploads\/2021\/08\/15972134118739.jpg","width":800,"height":800},{"@type":"BreadcrumbList","@id":"https:\/\/www.cycjetes.com\/?product=cycjet-d16l-large-character-inkjet-printer#breadcrumb","itemListElement":[{"@type":"ListItem","position":1,"name":"Home","item":"https:\/\/www.cycjetes.com\/"},{"@type":"ListItem","position":2,"name":"Products","item":"https:\/\/www.cycjetes.com\/?page_id=7"},{"@type":"ListItem","position":3,"name":"Impresora de inyecci\u00f3n de tinta de caracteres grandes CYCJET D16L"}]},{"@type":"WebSite","@id":"https:\/\/www.cycjetes.com\/#website","url":"https:\/\/www.cycjetes.com\/","name":"CYCJET","description":"","potentialAction":[{"@type":"SearchAction","target":{"@type":"EntryPoint","urlTemplate":"https:\/\/www.cycjetes.com\/?s={search_term_string}"},"query-input":{"@type":"PropertyValueSpecification","valueRequired":true,"valueName":"search_term_string"}}],"inLanguage":"en-US"}]}},"_links":{"self":[{"href":"https:\/\/www.cycjetes.com\/index.php?rest_route=\/wp\/v2\/product\/164","targetHints":{"allow":["GET"]}}],"collection":[{"href":"https:\/\/www.cycjetes.com\/index.php?rest_route=\/wp\/v2\/product"}],"about":[{"href":"https:\/\/www.cycjetes.com\/index.php?rest_route=\/wp\/v2\/types\/product"}],"replies":[{"embeddable":true,"href":"https:\/\/www.cycjetes.com\/index.php?rest_route=%2Fwp%2Fv2%2Fcomments&post=164"}],"wp:featuredmedia":[{"embeddable":true,"href":"https:\/\/www.cycjetes.com\/index.php?rest_route=\/wp\/v2\/media\/492"}],"wp:attachment":[{"href":"https:\/\/www.cycjetes.com\/index.php?rest_route=%2Fwp%2Fv2%2Fmedia&parent=164"}],"wp:term":[{"taxonomy":"product_brand","embeddable":true,"href":"https:\/\/www.cycjetes.com\/index.php?rest_route=%2Fwp%2Fv2%2Fproduct_brand&post=164"},{"taxonomy":"product_cat","embeddable":true,"href":"https:\/\/www.cycjetes.com\/index.php?rest_route=%2Fwp%2Fv2%2Fproduct_cat&post=164"},{"taxonomy":"product_tag","embeddable":true,"href":"https:\/\/www.cycjetes.com\/index.php?rest_route=%2Fwp%2Fv2%2Fproduct_tag&post=164"}],"curies":[{"name":"wp","href":"https:\/\/api.w.org\/{rel}","templated":true}]}}