{"id":160,"date":"2021-08-11T03:46:34","date_gmt":"2021-08-11T03:46:34","guid":{"rendered":"https:\/\/spcycjet.tradeoptimize-clients.com\/?post_type=product&#038;p=160"},"modified":"2025-06-06T07:35:49","modified_gmt":"2025-06-06T07:35:49","slug":"cycjet-high-resolution-piezo-inkjet-printer-model-c700","status":"publish","type":"product","link":"https:\/\/www.cycjetes.com\/?product=cycjet-high-resolution-piezo-inkjet-printer-model-c700","title":{"rendered":"Impresora piezoel\u00e9ctrica de inyecci\u00f3n de tinta de alta resoluci\u00f3n CYCJET C700"},"content":{"rendered":"<div class=\"row row-full-width\"  id=\"row-16092885\">\n\n\t<div id=\"col-1508314299\" class=\"col medium-6 small-12 large-6\"  data-animate=\"fadeInLeft\">\n\t\t<div class=\"col-inner\"  >\n\t\t\t\n\t\t\t\n<div class=\"tem378-irregular noScrollMove bgFixed clearBg\">\n<div class=\"content-right content-section noScrollMove tem44-irregular\">\n<div class=\"container\">\n<div class=\"row\">\n<div class=\"flexBoxStem irregular-item\">\n<div class=\"flexBoxFill col-lg-9 col-md-9 col-sm-9 col-xs-12 content-float\">\n<div>\n<div class=\"tem06-irregular-text wow animated fadeInUp animated animated animated animated animated animated animated animated animated animated animated animated animated animated animated animated animated animated animated animated animated animated animated animated animated animated animated animated animated animated animated animated\">\n<div class=\"h2 bg-color-after font-color-gray-level-3 title\">\n<section>\n<h3><span style=\"color: #333399;\"><strong>DESCRIPCI\u00d3N DEL PRODUCTO<\/strong><\/span><\/h3>\n<\/section>\n<\/div>\n<div class=\"text description\">\n<section>CYCJET C700 impresora de inyecci\u00f3n de tinta de alta resoluci\u00f3n adopta una pantalla t\u00e1ctil a color de 7 pulgadas, lo que facilita y aclara la entrada de texto. El cuerpo totalmente de acero inoxidable hace que la impresora se vea m\u00e1s duradera y est\u00e9tica, adem\u00e1s de ser m\u00e1s adecuada para talleres industriales. La impresora industrial de inyecci\u00f3n de tinta incluye el cabezal de impresi\u00f3n piezoel\u00e9ctrico, que puede imprimir caracteres de hasta 71 mm de altura en una sola l\u00ednea, con un microchip Samsung que hace la impresora m\u00e1s estable. Utiliza tecnolog\u00eda Micro Piezo. La impresora de gran formato no solo puede imprimir fecha y hora autom\u00e1ticas, logo, n\u00famero de serie, c\u00f3digo aleatorio, c\u00f3digo de barras, c\u00f3digo QR, sino tambi\u00e9n elementos variables, como c\u00f3digos de barras variables y c\u00f3digos QR variables. Adem\u00e1s, la impresora industrial tiene funci\u00f3n de enlace de archivos, es decir, si hay varias informaciones diferentes que se deben imprimir en secuencia, solo marque el bot\u00f3n de enlace de archivos y elija lo que se necesita imprimir en secuencia, luego imprimir\u00e1 autom\u00e1ticamente las diferentes informaciones de impresi\u00f3n en secuencia. Estas son todas las funciones b\u00e1sicas del sistema de impresi\u00f3n industrial CYCJET.<\/section>\n<\/div><\/div>\n<\/p><\/div>\n<\/p><\/div>\n<\/p><\/div>\n<\/p><\/div>\n<\/p><\/div>\n<\/p><\/div>\n<p> \t\t<\/div>\n\t\t\t<\/div>\n\n\t \n\t<div id=\"col-1931539516\" class=\"col medium-6 small-12 large-6\"  data-animate=\"fadeInRight\">\n\t\t<div class=\"col-inner\"  >\n\t\t\t\n\t\t\t\n\t<div class=\"img has-hover x md-x lg-x y md-y lg-y\" id=\"image_996890325\">\n\t\t\t\t\t\t\t\t<div class=\"img-inner dark\" >\n\t\t\t<img loading=\"lazy\" decoding=\"async\" width=\"750\" height=\"564\" src=\"https:\/\/www.cycjetes.com\/wp-content\/uploads\/2021\/09\/ICM-HRIC-07.webp\" class=\"attachment-large size-large\" alt=\"\" srcset=\"https:\/\/www.cycjetes.com\/wp-content\/uploads\/2021\/09\/ICM-HRIC-07.webp 750w, https:\/\/www.cycjetes.com\/wp-content\/uploads\/2021\/09\/ICM-HRIC-07-300x226.webp 300w, https:\/\/www.cycjetes.com\/wp-content\/uploads\/2021\/09\/ICM-HRIC-07-600x451.webp 600w\" sizes=\"auto, (max-width: 750px) 100vw, 750px\" \/>\t\t\t\t\t\t\n\t\t\t\t\t<\/div>\n\t\t\t\t\t\t\t\t\n<style>\n#image_996890325 {\n  width: 100%;\n}\n<\/style>\n\t<\/div>\n\t\n\t\t<\/div>\n\t\t\n<style>\n#col-1931539516 > .col-inner {\n  margin: -1px -1px 0px 21px;\n}\n@media (min-width:550px) {\n  #col-1931539516 > .col-inner {\n    margin: 63px 0px 0px 0px;\n  }\n}\n<\/style>\n\t<\/div>\n\n\t\n<\/div>\n<div class=\"row row-full-width\"  id=\"row-1650037123\">\n\n\t<div id=\"col-1423564086\" class=\"col small-12 large-12\"  >\n\t\t<div class=\"col-inner\"  >\n\t\t\t\n\t\t\t\n<div class=\"container section-title-container\" ><h2 class=\"section-title section-title-center\"><b><\/b><span class=\"section-title-main\" style=\"color:rgb(14, 24, 184);\">Aplicaci\u00f3n<\/span><b><\/b><\/h2><\/div>\n\t\t<\/div>\n\t\t\t<\/div>\n\n\t\n\n\t<div id=\"col-936495407\" class=\"col medium-4 small-12 large-4\"  >\n\t\t<div class=\"col-inner\"  >\n\t\t\t\n\t<div class=\"is-border\"\n\t\tstyle=\"border-color:rgb(255, 195, 0);border-radius:50px;border-width:2px 2px 2px 2;\">\n\t<\/div>\n\t\t\t\n\t<div class=\"box has-hover   has-hover box-text-bottom\" >\n\n\t\t<div class=\"box-image\" >\n\t\t\t\t\t\t<div class=\"\" >\n\t\t\t\t<img loading=\"lazy\" decoding=\"async\" width=\"750\" height=\"563\" src=\"https:\/\/www.cycjetes.com\/wp-content\/uploads\/2021\/09\/ICM-HRIC-07-app-1.webp\" class=\"attachment- size-\" alt=\"\" srcset=\"https:\/\/www.cycjetes.com\/wp-content\/uploads\/2021\/09\/ICM-HRIC-07-app-1.webp 750w, https:\/\/www.cycjetes.com\/wp-content\/uploads\/2021\/09\/ICM-HRIC-07-app-1-300x225.webp 300w, https:\/\/www.cycjetes.com\/wp-content\/uploads\/2021\/09\/ICM-HRIC-07-app-1-600x450.webp 600w\" sizes=\"auto, (max-width: 750px) 100vw, 750px\" \/>\t\t\t\t\t\t\t\t\t\t\t<\/div>\n\t\t\t\t\t<\/div>\n\n\t\t<div class=\"box-text text-center\" >\n\t\t\t<div class=\"box-text-inner\">\n\t\t\t\t\n<h4><span style=\"color: #333399;\">Paquete de Cart\u00f3n\/Cartulina<\/span><\/h4>\n<p> La impresora de inyecci\u00f3n de tinta de alta resoluci\u00f3n CYCJET C700 puede trabajar con la l\u00ednea de producci\u00f3n del cliente para realizar trabajos de impresi\u00f3n, como fecha y lote, logo, c\u00f3digo de barras, as\u00ed como impresi\u00f3n de hojas de datos del material. La alta resoluci\u00f3n y alta eficiencia la hacen sobresalir en la impresi\u00f3n de cajas de cart\u00f3n. Adem\u00e1s, la impresora de gran formato CYCJET C700 adopta cabezal de impresi\u00f3n piezoel\u00e9ctrico, que ahorra mucha tinta, lo cual es muy \u00fatil para el ahorro de costos en las f\u00e1bricas.<\/p>\n\t\t\t<\/div>\n\t\t<\/div>\n\t<\/div>\n\t\n\t\t<\/div>\n\t\t\t<\/div>\n\n\t\n\n\t<div id=\"col-119965903\" class=\"col medium-4 small-12 large-4\"  >\n\t\t<div class=\"col-inner\"  >\n\t\t\t\n\t<div class=\"is-border\"\n\t\tstyle=\"border-color:rgb(255, 195, 0);border-radius:50px;border-width:2px 2px 2px 2;\">\n\t<\/div>\n\t\t\t\n\t<div class=\"box has-hover   has-hover box-text-bottom\" >\n\n\t\t<div class=\"box-image\" >\n\t\t\t\t\t\t<div class=\"\" >\n\t\t\t\t<img loading=\"lazy\" decoding=\"async\" width=\"750\" height=\"563\" src=\"https:\/\/www.cycjetes.com\/wp-content\/uploads\/2021\/09\/ICM-HRIC-07-app-2.webp\" class=\"attachment- size-\" alt=\"\" srcset=\"https:\/\/www.cycjetes.com\/wp-content\/uploads\/2021\/09\/ICM-HRIC-07-app-2.webp 750w, https:\/\/www.cycjetes.com\/wp-content\/uploads\/2021\/09\/ICM-HRIC-07-app-2-300x225.webp 300w, https:\/\/www.cycjetes.com\/wp-content\/uploads\/2021\/09\/ICM-HRIC-07-app-2-600x450.webp 600w\" sizes=\"auto, (max-width: 750px) 100vw, 750px\" \/>\t\t\t\t\t\t\t\t\t\t\t<\/div>\n\t\t\t\t\t<\/div>\n\n\t\t<div class=\"box-text text-center\" >\n\t\t\t<div class=\"box-text-inner\">\n\t\t\t\t\n<h4><span style=\"color: #333399;\">Pel\u00edcula Pl\u00e1stica\/Etiqueta<\/span><\/h4>\n<p> CYCJET C700 puede usar tinta UV, especial para material pl\u00e1stico. Con tinta UV, la impresora es m\u00e1s estable y de mantenimiento cero, y las impresiones en pl\u00e1stico ser\u00e1n permanentes, dif\u00edciles de borrar. Adem\u00e1s, la l\u00ednea de producci\u00f3n de pel\u00edcula pl\u00e1stica suele ser r\u00e1pida y en rollo, lo que requiere que la tinta se seque r\u00e1pidamente despu\u00e9s de la impresi\u00f3n. CYCJET C700 con tinta UV y sistema de solidificaci\u00f3n UV puede secar la tinta tan pronto como imprime.<\/p>\n\t\t\t<\/div>\n\t\t<\/div>\n\t<\/div>\n\t\n\t\t<\/div>\n\t\t\t<\/div>\n\n\t\n\n\t<div id=\"col-2092777487\" class=\"col medium-4 small-12 large-4\"  >\n\t\t<div class=\"col-inner\"  >\n\t\t\t\n\t<div class=\"is-border\"\n\t\tstyle=\"border-color:rgb(255, 195, 0);border-radius:50px;border-width:2px 2px 2px 2;\">\n\t<\/div>\n\t\t\t\n\t<div class=\"box has-hover   has-hover box-text-bottom\" >\n\n\t\t<div class=\"box-image\" >\n\t\t\t\t\t\t<div class=\"\" >\n\t\t\t\t<img loading=\"lazy\" decoding=\"async\" width=\"750\" height=\"563\" src=\"https:\/\/www.cycjetes.com\/wp-content\/uploads\/2021\/09\/ICM-HRIC-07-app-3.webp\" class=\"attachment- size-\" alt=\"\" srcset=\"https:\/\/www.cycjetes.com\/wp-content\/uploads\/2021\/09\/ICM-HRIC-07-app-3.webp 750w, https:\/\/www.cycjetes.com\/wp-content\/uploads\/2021\/09\/ICM-HRIC-07-app-3-300x225.webp 300w, https:\/\/www.cycjetes.com\/wp-content\/uploads\/2021\/09\/ICM-HRIC-07-app-3-600x450.webp 600w\" sizes=\"auto, (max-width: 750px) 100vw, 750px\" \/>\t\t\t\t\t\t\t\t\t\t\t<\/div>\n\t\t\t\t\t<\/div>\n\n\t\t<div class=\"box-text text-center\" >\n\t\t\t<div class=\"box-text-inner\">\n\t\t\t\t\n<h4><span style=\"color: #000080;\">Materiales de Construcci\u00f3n<\/span><\/h4>\n<p> Materiales de construcci\u00f3n como tableros WPC, tableros resistentes al fuego, cuyos materiales no se usan para decoraci\u00f3n o publicidad, y las f\u00e1bricas desean marcar con identificaci\u00f3n publicitaria como el logo del proveedor, logo del certificado, etc. Entonces, la CYCJET C700 cumple perfectamente con sus demandas de impresi\u00f3n y les ofrece una soluci\u00f3n muy adecuada.<\/p>\n\t\t\t<\/div>\n\t\t<\/div>\n\t<\/div>\n\t\n\t\t<\/div>\n\t\t\t<\/div>\n\n\t\n<\/div>\n<div class=\"row\"  id=\"row-1726729016\">\n\n\t<div id=\"col-1174307727\" class=\"col small-12 large-12\"  >\n\t\t<div class=\"col-inner\"  >\n\t\t\t\n\t\t\t\n<div class=\"container section-title-container\" ><h2 class=\"section-title section-title-center\"><b><\/b><span class=\"section-title-main\" style=\"color:rgb(14, 24, 184);\">Especificaciones T\u00e9cnicas<\/span><b><\/b><\/h2><\/div>\n\t\t<\/div>\n\t\t\t<\/div>\n\n\t\n\n\t<div id=\"col-114532496\" class=\"col small-12 large-12\"  >\n\t\t<div class=\"col-inner\"  >\n\t\t\t\n\t\t\t\n<table class=\"table table-bordered table-hover\">\n<tbody>\n<tr class=\"firstRow\">\n<td valign=\"center\" width=\"185\">Altura de impresi\u00f3n<\/td>\n<td valign=\"center\" width=\"497\">1&#8211;71.8mm<\/td>\n<\/tr>\n<tr>\n<td valign=\"center\" width=\"185\">Espaciado de impresi\u00f3n<\/td>\n<td valign=\"center\" width=\"497\">8mm-10mm, sujeto al contenido de impresi\u00f3n y tipo de tinta<\/td>\n<\/tr>\n<tr>\n<td valign=\"center\" width=\"185\">L\u00edneas de impresi\u00f3n<\/td>\n<td valign=\"center\" width=\"497\">Las l\u00edneas son ilimitadas dentro de la altura m\u00e1xima de 71mm.<\/td>\n<\/tr>\n<tr>\n<td valign=\"center\" width=\"185\">Longitud de impresi\u00f3n<\/td>\n<td valign=\"center\" width=\"497\">Archivo \u00fanico longitud m\u00e1xima 20000 puntos<\/td>\n<\/tr>\n<tr>\n<td valign=\"center\" width=\"185\">Velocidad de impresi\u00f3n<\/td>\n<td valign=\"center\" width=\"497\">M\u00e1x. 70m\/min<\/td>\n<\/tr>\n<tr>\n<td valign=\"center\" width=\"185\">Resoluci\u00f3n de impresi\u00f3n<\/td>\n<td valign=\"center\" width=\"497\">M\u00e1x. 180dpi<\/td>\n<\/tr>\n<tr>\n<td valign=\"center\" width=\"185\">Fuentes de impresi\u00f3n<\/td>\n<td valign=\"center\" width=\"497\">Varias fuentes incorporadas, y barras horizontales, barras verticales, matriz de puntos, fuente en negrita se pueden cambiar libremente.<\/td>\n<\/tr>\n<tr>\n<td valign=\"center\" width=\"185\">Contenido de impresi\u00f3n<\/td>\n<td valign=\"center\" width=\"497\">Fecha real, hora real, foto, letra, grupo de turno, n\u00famero de serie, n\u00famero de lote, c\u00f3digo de barras y c\u00f3digo 2D se pueden imprimir libremente.<\/td>\n<\/tr>\n<tr>\n<td valign=\"center\" width=\"185\">Direcci\u00f3n de impresi\u00f3n<\/td>\n<td valign=\"center\" width=\"497\">Impresi\u00f3n hacia arriba, hacia abajo, lateral (impresi\u00f3n en 360\u00b0)<\/td>\n<\/tr>\n<tr>\n<td valign=\"center\" width=\"185\">Biblioteca de fuentes<\/td>\n<td valign=\"center\" width=\"497\">La biblioteca est\u00e1ndar de fuentes incluye chino e ingl\u00e9s, y las bibliotecas opcionales incluyen espa\u00f1ol, portugu\u00e9s y \u00e1rabe<\/td>\n<\/tr>\n<tr>\n<td valign=\"center\" width=\"185\">Interfaces del operador<\/td>\n<td valign=\"center\" width=\"497\">Interfaz visual y men\u00fa en chino o ingl\u00e9s (espa\u00f1ol, portugu\u00e9s, \u00e1rabe), lo que ves es lo que obtienes.<\/td>\n<\/tr>\n<tr>\n<td valign=\"center\" width=\"185\">Funci\u00f3n de memoria<\/td>\n<td valign=\"center\" width=\"497\">Puede almacenar m\u00e1s de 1000 textos<\/td>\n<\/tr>\n<tr>\n<td valign=\"center\" width=\"185\">Tipo de tinta<\/td>\n<td valign=\"center\" width=\"497\">La tinta es originaria del Reino Unido. Hay tinta a base de solvente (requiere mantenimiento regular); tinta invisible (requiere mantenimiento regular); tinta a base de aceite (sin mantenimiento).<\/td>\n<\/tr>\n<tr>\n<td valign=\"center\" width=\"185\">Color de tinta<\/td>\n<td valign=\"center\" width=\"497\">Negro, rojo, amarillo, azul, verde, blanco, p\u00farpura<\/td>\n<\/tr>\n<tr>\n<td valign=\"center\" width=\"185\">Nivel de protecci\u00f3n<\/td>\n<td valign=\"center\" width=\"497\">No apto para ambientes con mucho polvo o alta humedad<\/td>\n<\/tr>\n<tr>\n<td valign=\"center\" width=\"185\">Peso de la m\u00e1quina<\/td>\n<td valign=\"center\" width=\"497\">4.0kg<\/td>\n<\/tr>\n<tr>\n<td valign=\"center\" width=\"185\">Alimentaci\u00f3n el\u00e9ctrica<\/td>\n<td valign=\"center\" width=\"497\">110&#8211;220V, 50\/60HZ<\/td>\n<\/tr>\n<tr>\n<td valign=\"center\" width=\"185\">Rango de humedad<\/td>\n<td valign=\"center\" width=\"497\">10-90% sin condensaci\u00f3n<\/td>\n<\/tr>\n<tr>\n<td valign=\"center\" width=\"185\">Rango de temperatura<\/td>\n<td valign=\"center\" width=\"497\">5-40\u00b0C<\/td>\n<\/tr>\n<tr>\n<td valign=\"center\" width=\"185\">Otros<\/td>\n<td valign=\"center\" width=\"497\">No requiere conexi\u00f3n de aire comprimido externo, ni disolventes (thinner)<\/td>\n<\/tr>\n<\/tbody>\n<\/table>\n<p> \t\t<\/div>\n\t\t\t<\/div>\n\n\t\n<\/div>\n","protected":false},"excerpt":{"rendered":"<table>\n<tbody>\n<tr>\n<td width=\"176\"><strong>Modelo:<\/strong><\/td>\n<td width=\"182\">C700<\/td>\n<\/tr>\n<tr>\n<td width=\"176\"><strong>Marca: <\/strong><\/td>\n<td width=\"182\">CYCJET<\/td>\n<\/tr>\n<tr>\n<td width=\"176\"><strong>MOQ<\/strong>:<\/td>\n<td width=\"182\">1 Set<\/td>\n<\/tr>\n<tr>\n<td width=\"176\"><strong>Certificaci\u00f3n: <\/strong><\/td>\n<td width=\"182\">CE, SGS<\/td>\n<\/tr>\n<tr>\n<td width=\"176\"><strong>Pago: <\/strong><\/td>\n<td width=\"182\">L \/ C, D \/ P, T \/ T, Western Union<\/td>\n<\/tr>\n<tr>\n<td width=\"176\"><strong>Garant\u00eda:<\/strong><\/td>\n<td width=\"182\">1A\u00f1o<\/td>\n<\/tr>\n<\/tbody>\n<\/table>\n","protected":false},"featured_media":1203,"comment_status":"closed","ping_status":"closed","template":"","meta":[],"product_brand":[],"product_cat":[22,19],"product_tag":[],"class_list":{"0":"post-160","1":"product","2":"type-product","3":"status-publish","4":"has-post-thumbnail","6":"product_cat-high-resolution-inkjet-coder","7":"product_cat-inkjet-coding-machines","9":"first","10":"instock","11":"shipping-taxable","12":"product-type-simple"},"yoast_head":"<!-- This site is optimized with the Yoast SEO plugin v25.2 - https:\/\/yoast.com\/wordpress\/plugins\/seo\/ -->\n<title>Impresora piezoel\u00e9ctrica de inyecci\u00f3n de tinta de alta resoluci\u00f3n CYCJET C700 - CYCJET<\/title>\n<meta name=\"robots\" content=\"index, follow, max-snippet:-1, max-image-preview:large, max-video-preview:-1\" \/>\n<link rel=\"canonical\" href=\"https:\/\/www.cycjetes.com\/?product=cycjet-high-resolution-piezo-inkjet-printer-model-c700\" \/>\n<meta property=\"og:locale\" content=\"en_US\" \/>\n<meta property=\"og:type\" content=\"article\" \/>\n<meta property=\"og:title\" content=\"Impresora piezoel\u00e9ctrica de inyecci\u00f3n de tinta de alta resoluci\u00f3n CYCJET C700 - CYCJET\" \/>\n<meta property=\"og:description\" content=\"Modelo: C700   Marca:  CYCJET   MOQ: 1 Set   Certificaci\u00f3n:  CE, SGS   Pago:  L \/ C, D \/ P, T \/ T, Western Union   Garant\u00eda: 1A\u00f1o\" \/>\n<meta property=\"og:url\" content=\"https:\/\/www.cycjetes.com\/?product=cycjet-high-resolution-piezo-inkjet-printer-model-c700\" \/>\n<meta property=\"og:site_name\" content=\"CYCJET\" \/>\n<meta property=\"article:modified_time\" content=\"2025-06-06T07:35:49+00:00\" \/>\n<meta property=\"og:image\" content=\"https:\/\/www.cycjetes.com\/wp-content\/uploads\/2021\/08\/CYCJET-C700-Carton-Box-Large-Character-Inkjet-Printer01.jpg\" \/>\n\t<meta property=\"og:image:width\" content=\"600\" \/>\n\t<meta property=\"og:image:height\" content=\"600\" \/>\n\t<meta property=\"og:image:type\" content=\"image\/jpeg\" \/>\n<meta name=\"twitter:card\" content=\"summary_large_image\" \/>\n<script type=\"application\/ld+json\" class=\"yoast-schema-graph\">{\"@context\":\"https:\/\/schema.org\",\"@graph\":[{\"@type\":\"WebPage\",\"@id\":\"https:\/\/www.cycjetes.com\/?product=cycjet-high-resolution-piezo-inkjet-printer-model-c700\",\"url\":\"https:\/\/www.cycjetes.com\/?product=cycjet-high-resolution-piezo-inkjet-printer-model-c700\",\"name\":\"Impresora piezoel\u00e9ctrica de inyecci\u00f3n de tinta de alta resoluci\u00f3n CYCJET C700 - CYCJET\",\"isPartOf\":{\"@id\":\"https:\/\/www.cycjetes.com\/#website\"},\"primaryImageOfPage\":{\"@id\":\"https:\/\/www.cycjetes.com\/?product=cycjet-high-resolution-piezo-inkjet-printer-model-c700#primaryimage\"},\"image\":{\"@id\":\"https:\/\/www.cycjetes.com\/?product=cycjet-high-resolution-piezo-inkjet-printer-model-c700#primaryimage\"},\"thumbnailUrl\":\"https:\/\/www.cycjetes.com\/wp-content\/uploads\/2021\/08\/CYCJET-C700-Carton-Box-Large-Character-Inkjet-Printer01.jpg\",\"datePublished\":\"2021-08-11T03:46:34+00:00\",\"dateModified\":\"2025-06-06T07:35:49+00:00\",\"breadcrumb\":{\"@id\":\"https:\/\/www.cycjetes.com\/?product=cycjet-high-resolution-piezo-inkjet-printer-model-c700#breadcrumb\"},\"inLanguage\":\"en-US\",\"potentialAction\":[{\"@type\":\"ReadAction\",\"target\":[\"https:\/\/www.cycjetes.com\/?product=cycjet-high-resolution-piezo-inkjet-printer-model-c700\"]}]},{\"@type\":\"ImageObject\",\"inLanguage\":\"en-US\",\"@id\":\"https:\/\/www.cycjetes.com\/?product=cycjet-high-resolution-piezo-inkjet-printer-model-c700#primaryimage\",\"url\":\"https:\/\/www.cycjetes.com\/wp-content\/uploads\/2021\/08\/CYCJET-C700-Carton-Box-Large-Character-Inkjet-Printer01.jpg\",\"contentUrl\":\"https:\/\/www.cycjetes.com\/wp-content\/uploads\/2021\/08\/CYCJET-C700-Carton-Box-Large-Character-Inkjet-Printer01.jpg\",\"width\":600,\"height\":600},{\"@type\":\"BreadcrumbList\",\"@id\":\"https:\/\/www.cycjetes.com\/?product=cycjet-high-resolution-piezo-inkjet-printer-model-c700#breadcrumb\",\"itemListElement\":[{\"@type\":\"ListItem\",\"position\":1,\"name\":\"Home\",\"item\":\"https:\/\/www.cycjetes.com\/\"},{\"@type\":\"ListItem\",\"position\":2,\"name\":\"Products\",\"item\":\"https:\/\/www.cycjetes.com\/?page_id=7\"},{\"@type\":\"ListItem\",\"position\":3,\"name\":\"Impresora piezoel\u00e9ctrica de inyecci\u00f3n de tinta de alta resoluci\u00f3n CYCJET C700\"}]},{\"@type\":\"WebSite\",\"@id\":\"https:\/\/www.cycjetes.com\/#website\",\"url\":\"https:\/\/www.cycjetes.com\/\",\"name\":\"CYCJET\",\"description\":\"\",\"potentialAction\":[{\"@type\":\"SearchAction\",\"target\":{\"@type\":\"EntryPoint\",\"urlTemplate\":\"https:\/\/www.cycjetes.com\/?s={search_term_string}\"},\"query-input\":{\"@type\":\"PropertyValueSpecification\",\"valueRequired\":true,\"valueName\":\"search_term_string\"}}],\"inLanguage\":\"en-US\"}]}<\/script>\n<!-- \/ Yoast SEO plugin. -->","yoast_head_json":{"title":"Impresora piezoel\u00e9ctrica de inyecci\u00f3n de tinta de alta resoluci\u00f3n CYCJET C700 - CYCJET","robots":{"index":"index","follow":"follow","max-snippet":"max-snippet:-1","max-image-preview":"max-image-preview:large","max-video-preview":"max-video-preview:-1"},"canonical":"https:\/\/www.cycjetes.com\/?product=cycjet-high-resolution-piezo-inkjet-printer-model-c700","og_locale":"en_US","og_type":"article","og_title":"Impresora piezoel\u00e9ctrica de inyecci\u00f3n de tinta de alta resoluci\u00f3n CYCJET C700 - CYCJET","og_description":"Modelo: C700   Marca:  CYCJET   MOQ: 1 Set   Certificaci\u00f3n:  CE, SGS   Pago:  L \/ C, D \/ P, T \/ T, Western Union   Garant\u00eda: 1A\u00f1o","og_url":"https:\/\/www.cycjetes.com\/?product=cycjet-high-resolution-piezo-inkjet-printer-model-c700","og_site_name":"CYCJET","article_modified_time":"2025-06-06T07:35:49+00:00","og_image":[{"width":600,"height":600,"url":"https:\/\/www.cycjetes.com\/wp-content\/uploads\/2021\/08\/CYCJET-C700-Carton-Box-Large-Character-Inkjet-Printer01.jpg","type":"image\/jpeg"}],"twitter_card":"summary_large_image","schema":{"@context":"https:\/\/schema.org","@graph":[{"@type":"WebPage","@id":"https:\/\/www.cycjetes.com\/?product=cycjet-high-resolution-piezo-inkjet-printer-model-c700","url":"https:\/\/www.cycjetes.com\/?product=cycjet-high-resolution-piezo-inkjet-printer-model-c700","name":"Impresora piezoel\u00e9ctrica de inyecci\u00f3n de tinta de alta resoluci\u00f3n CYCJET C700 - CYCJET","isPartOf":{"@id":"https:\/\/www.cycjetes.com\/#website"},"primaryImageOfPage":{"@id":"https:\/\/www.cycjetes.com\/?product=cycjet-high-resolution-piezo-inkjet-printer-model-c700#primaryimage"},"image":{"@id":"https:\/\/www.cycjetes.com\/?product=cycjet-high-resolution-piezo-inkjet-printer-model-c700#primaryimage"},"thumbnailUrl":"https:\/\/www.cycjetes.com\/wp-content\/uploads\/2021\/08\/CYCJET-C700-Carton-Box-Large-Character-Inkjet-Printer01.jpg","datePublished":"2021-08-11T03:46:34+00:00","dateModified":"2025-06-06T07:35:49+00:00","breadcrumb":{"@id":"https:\/\/www.cycjetes.com\/?product=cycjet-high-resolution-piezo-inkjet-printer-model-c700#breadcrumb"},"inLanguage":"en-US","potentialAction":[{"@type":"ReadAction","target":["https:\/\/www.cycjetes.com\/?product=cycjet-high-resolution-piezo-inkjet-printer-model-c700"]}]},{"@type":"ImageObject","inLanguage":"en-US","@id":"https:\/\/www.cycjetes.com\/?product=cycjet-high-resolution-piezo-inkjet-printer-model-c700#primaryimage","url":"https:\/\/www.cycjetes.com\/wp-content\/uploads\/2021\/08\/CYCJET-C700-Carton-Box-Large-Character-Inkjet-Printer01.jpg","contentUrl":"https:\/\/www.cycjetes.com\/wp-content\/uploads\/2021\/08\/CYCJET-C700-Carton-Box-Large-Character-Inkjet-Printer01.jpg","width":600,"height":600},{"@type":"BreadcrumbList","@id":"https:\/\/www.cycjetes.com\/?product=cycjet-high-resolution-piezo-inkjet-printer-model-c700#breadcrumb","itemListElement":[{"@type":"ListItem","position":1,"name":"Home","item":"https:\/\/www.cycjetes.com\/"},{"@type":"ListItem","position":2,"name":"Products","item":"https:\/\/www.cycjetes.com\/?page_id=7"},{"@type":"ListItem","position":3,"name":"Impresora piezoel\u00e9ctrica de inyecci\u00f3n de tinta de alta resoluci\u00f3n CYCJET C700"}]},{"@type":"WebSite","@id":"https:\/\/www.cycjetes.com\/#website","url":"https:\/\/www.cycjetes.com\/","name":"CYCJET","description":"","potentialAction":[{"@type":"SearchAction","target":{"@type":"EntryPoint","urlTemplate":"https:\/\/www.cycjetes.com\/?s={search_term_string}"},"query-input":{"@type":"PropertyValueSpecification","valueRequired":true,"valueName":"search_term_string"}}],"inLanguage":"en-US"}]}},"_links":{"self":[{"href":"https:\/\/www.cycjetes.com\/index.php?rest_route=\/wp\/v2\/product\/160","targetHints":{"allow":["GET"]}}],"collection":[{"href":"https:\/\/www.cycjetes.com\/index.php?rest_route=\/wp\/v2\/product"}],"about":[{"href":"https:\/\/www.cycjetes.com\/index.php?rest_route=\/wp\/v2\/types\/product"}],"replies":[{"embeddable":true,"href":"https:\/\/www.cycjetes.com\/index.php?rest_route=%2Fwp%2Fv2%2Fcomments&post=160"}],"wp:featuredmedia":[{"embeddable":true,"href":"https:\/\/www.cycjetes.com\/index.php?rest_route=\/wp\/v2\/media\/1203"}],"wp:attachment":[{"href":"https:\/\/www.cycjetes.com\/index.php?rest_route=%2Fwp%2Fv2%2Fmedia&parent=160"}],"wp:term":[{"taxonomy":"product_brand","embeddable":true,"href":"https:\/\/www.cycjetes.com\/index.php?rest_route=%2Fwp%2Fv2%2Fproduct_brand&post=160"},{"taxonomy":"product_cat","embeddable":true,"href":"https:\/\/www.cycjetes.com\/index.php?rest_route=%2Fwp%2Fv2%2Fproduct_cat&post=160"},{"taxonomy":"product_tag","embeddable":true,"href":"https:\/\/www.cycjetes.com\/index.php?rest_route=%2Fwp%2Fv2%2Fproduct_tag&post=160"}],"curies":[{"name":"wp","href":"https:\/\/api.w.org\/{rel}","templated":true}]}}