{"id":1583,"date":"2022-11-25T10:34:07","date_gmt":"2022-11-25T10:34:07","guid":{"rendered":"https:\/\/www.cycjetcoder.com\/?post_type=product&#038;p=1583"},"modified":"2025-06-05T12:32:02","modified_gmt":"2025-06-05T12:32:02","slug":"cycjet-alt502uv-uv-digital-ink-jet-system","status":"publish","type":"product","link":"https:\/\/www.cycjetes.com\/?product=cycjet-alt502uv-uv-digital-ink-jet-system","title":{"rendered":"Sistema digital de inyecci\u00f3n de tinta UV CYCJET ALT502UV"},"content":{"rendered":"<h3>Compre ahora Sistema de inyecci\u00f3n de tinta digital UV CYCJET ALT502UV al mejor precio en 2023.<\/h3>\n<p>Order Now: <a href=\"https:\/\/www.cycjetes.com\/product\/cycjet-alt502uv-uv-digital-ink-jet-system\/\">https:\/\/www.cycjetes.com\/product\/cycjet-alt502uv-uv-digital-ink-jet-system\/<\/a><\/p>\n<h3>DESCRIPCI\u00d3N DEL PRODUCTO( Sistema de inyecci\u00f3n de tinta digital UV CYCJET ALT502UV ):<\/h3>\n<ul>\n<li>Sistema de impresi\u00f3n de inyecci\u00f3n de tinta de alta resoluci\u00f3n ALT500UV, m\u00e1x. 4400 ppp.<\/li>\n<li>Direcci\u00f3n de caracteres: rotaci\u00f3n de 90\u00b0, 180\u00b0, 270\u00b0.<\/li>\n<li>Pantalla LED de alta resoluci\u00f3n, logotipo m\u00e1x. 4400*600 ppp.<\/li>\n<li>Sin necesidad de conectar el PC, introduzca el mensaje directamente con el teclado.<\/li>\n<li>Pantalla LED de alta resoluci\u00f3n, logotipo m\u00e1x. 4400*600 ppp.<\/li>\n<li>No necesita conectar el PC, introduzca el mensaje directamente con el teclado.<\/li>\n<\/ul>\n<h3><span style=\"color: #333399;\"> ESPECIFICACIONES T\u00c9CNICAS:<\/span><\/h3>\n<table width=\"595\">\n<tbody>\n<tr>\n<td width=\"104\">Tama\u00f1o de letra: <\/td>\n<td width=\"161\">1-108mm(opcional)<\/td>\n<td width=\"19\"><\/td>\n<td width=\"160\">Tipo de tinta:<\/td>\n<td width=\"151\">Base aceite, tinta UV<\/td>\n<\/tr>\n<tr>\n<td width=\"104\">Contenido de impresi\u00f3n: <\/td>\n<td width=\"161\">Logotipo, texto, fecha y hora, c\u00f3digo de barras, qrcode<\/td>\n<td width=\"19\"><\/td>\n<td width=\"160\">Color de tinta:<\/td>\n<td width=\"151\">Negro, Blanco, Rojo, Azul, Verde, Amarillo<\/td>\n<\/tr>\n<tr>\n<td width=\"104\">Velocidad de impresi\u00f3n: <\/td>\n<td width=\"161\">M\u00e1x 150m\/min(300X300DPI)<\/td>\n<td width=\"19\"><\/td>\n<td width=\"160\">Resoluci\u00f3n:<\/td>\n<td width=\"151\">M\u00e1x 4400dpix600DPI<\/td>\n<\/tr>\n<tr>\n<td width=\"104\">Garant\u00eda:<\/td>\n<td width=\"161\">12 meses<\/td>\n<td width=\"19\"><\/td>\n<td width=\"160\">Certificaci\u00f3n: <\/td>\n<td width=\"151\">CE<\/td>\n<\/tr>\n<tr>\n<td width=\"104\">Voltaje:<\/td>\n<td width=\"161\">100-240V, 50\/60HZ<\/td>\n<td width=\"19\"><\/td>\n<td width=\"160\">Peso Bruto:<\/td>\n<td width=\"151\">155. 0kg<\/td>\n<\/tr>\n<\/tbody>\n<\/table>\n<p>&nbsp;<\/p>\n","protected":false},"excerpt":{"rendered":"<p>Compre ahora Sistema de inyecci\u00f3n de tinta digital UV CYCJET ALT502UV al mejor precio en 2023. Order Now: https:\/\/www.cycjetes.com\/product\/cycjet-alt502uv-uv-digital-ink-jet-system\/ DESCRIPCI\u00d3N DEL PRODUCTO( Sistema de inyecci\u00f3n de tinta digital UV CYCJET ALT502UV ): Sistema de impresi\u00f3n de inyecci\u00f3n de tinta de alta resoluci\u00f3n ALT500UV, m\u00e1x. 4400 ppp. Direcci\u00f3n de caracteres: rotaci\u00f3n de 90\u00b0, 180\u00b0, 270\u00b0. Pantalla [&#8230;]\n","protected":false},"featured_media":1585,"comment_status":"open","ping_status":"closed","template":"","meta":[],"product_brand":[],"product_cat":[19,23],"product_tag":[],"class_list":{"0":"post-1583","1":"product","2":"type-product","3":"status-publish","4":"has-post-thumbnail","6":"product_cat-inkjet-coding-machines","7":"product_cat-large-character-inkjet-printer","9":"first","10":"instock","11":"shipping-taxable","12":"product-type-simple"},"yoast_head":"<!-- This site is optimized with the Yoast SEO plugin v25.2 - https:\/\/yoast.com\/wordpress\/plugins\/seo\/ -->\n<title>Sistema digital de inyecci\u00f3n de tinta UV CYCJET ALT502UV - CYCJET<\/title>\n<meta name=\"description\" content=\"PRODUCT DESCRIPTION( CYCJET ALT502UV UV Digital Ink-Jet System ):ALT500UV high resolution inkjet printing system max can be in 4400dpi.Character direction\" \/>\n<meta name=\"robots\" content=\"index, follow, max-snippet:-1, max-image-preview:large, max-video-preview:-1\" \/>\n<link rel=\"canonical\" href=\"https:\/\/www.cycjetes.com\/?product=cycjet-alt502uv-uv-digital-ink-jet-system\" \/>\n<meta property=\"og:locale\" content=\"en_US\" \/>\n<meta property=\"og:type\" content=\"article\" \/>\n<meta property=\"og:title\" content=\"Sistema digital de inyecci\u00f3n de tinta UV CYCJET ALT502UV - CYCJET\" \/>\n<meta property=\"og:description\" content=\"PRODUCT DESCRIPTION( CYCJET ALT502UV UV Digital Ink-Jet System ):ALT500UV high resolution inkjet printing system max can be in 4400dpi.Character direction\" \/>\n<meta property=\"og:url\" content=\"https:\/\/www.cycjetes.com\/?product=cycjet-alt502uv-uv-digital-ink-jet-system\" \/>\n<meta property=\"og:site_name\" content=\"CYCJET\" \/>\n<meta property=\"article:modified_time\" content=\"2025-06-05T12:32:02+00:00\" \/>\n<meta property=\"og:image\" content=\"https:\/\/www.cycjetes.com\/wp-content\/uploads\/2022\/11\/22-3.jpg\" \/>\n\t<meta property=\"og:image:width\" content=\"1493\" \/>\n\t<meta property=\"og:image:height\" content=\"399\" \/>\n\t<meta property=\"og:image:type\" content=\"image\/jpeg\" \/>\n<meta name=\"twitter:card\" content=\"summary_large_image\" \/>\n<meta name=\"twitter:label1\" content=\"Est. reading time\" \/>\n\t<meta name=\"twitter:data1\" content=\"1 minute\" \/>\n<script type=\"application\/ld+json\" class=\"yoast-schema-graph\">{\"@context\":\"https:\/\/schema.org\",\"@graph\":[{\"@type\":\"WebPage\",\"@id\":\"https:\/\/www.cycjetes.com\/?product=cycjet-alt502uv-uv-digital-ink-jet-system\",\"url\":\"https:\/\/www.cycjetes.com\/?product=cycjet-alt502uv-uv-digital-ink-jet-system\",\"name\":\"Sistema digital de inyecci\u00f3n de tinta UV CYCJET ALT502UV - CYCJET\",\"isPartOf\":{\"@id\":\"https:\/\/www.cycjetes.com\/#website\"},\"primaryImageOfPage\":{\"@id\":\"https:\/\/www.cycjetes.com\/?product=cycjet-alt502uv-uv-digital-ink-jet-system#primaryimage\"},\"image\":{\"@id\":\"https:\/\/www.cycjetes.com\/?product=cycjet-alt502uv-uv-digital-ink-jet-system#primaryimage\"},\"thumbnailUrl\":\"https:\/\/www.cycjetes.com\/wp-content\/uploads\/2022\/11\/22-3.jpg\",\"datePublished\":\"2022-11-25T10:34:07+00:00\",\"dateModified\":\"2025-06-05T12:32:02+00:00\",\"description\":\"PRODUCT DESCRIPTION( CYCJET ALT502UV UV Digital Ink-Jet System ):ALT500UV high resolution inkjet printing system max can be in 4400dpi.Character direction\",\"breadcrumb\":{\"@id\":\"https:\/\/www.cycjetes.com\/?product=cycjet-alt502uv-uv-digital-ink-jet-system#breadcrumb\"},\"inLanguage\":\"en-US\",\"potentialAction\":[{\"@type\":\"ReadAction\",\"target\":[\"https:\/\/www.cycjetes.com\/?product=cycjet-alt502uv-uv-digital-ink-jet-system\"]}]},{\"@type\":\"ImageObject\",\"inLanguage\":\"en-US\",\"@id\":\"https:\/\/www.cycjetes.com\/?product=cycjet-alt502uv-uv-digital-ink-jet-system#primaryimage\",\"url\":\"https:\/\/www.cycjetes.com\/wp-content\/uploads\/2022\/11\/22-3.jpg\",\"contentUrl\":\"https:\/\/www.cycjetes.com\/wp-content\/uploads\/2022\/11\/22-3.jpg\",\"width\":1493,\"height\":399},{\"@type\":\"BreadcrumbList\",\"@id\":\"https:\/\/www.cycjetes.com\/?product=cycjet-alt502uv-uv-digital-ink-jet-system#breadcrumb\",\"itemListElement\":[{\"@type\":\"ListItem\",\"position\":1,\"name\":\"Home\",\"item\":\"https:\/\/www.cycjetes.com\/\"},{\"@type\":\"ListItem\",\"position\":2,\"name\":\"Products\",\"item\":\"https:\/\/www.cycjetes.com\/?page_id=7\"},{\"@type\":\"ListItem\",\"position\":3,\"name\":\"Sistema digital de inyecci\u00f3n de tinta UV CYCJET ALT502UV\"}]},{\"@type\":\"WebSite\",\"@id\":\"https:\/\/www.cycjetes.com\/#website\",\"url\":\"https:\/\/www.cycjetes.com\/\",\"name\":\"CYCJET\",\"description\":\"\",\"potentialAction\":[{\"@type\":\"SearchAction\",\"target\":{\"@type\":\"EntryPoint\",\"urlTemplate\":\"https:\/\/www.cycjetes.com\/?s={search_term_string}\"},\"query-input\":{\"@type\":\"PropertyValueSpecification\",\"valueRequired\":true,\"valueName\":\"search_term_string\"}}],\"inLanguage\":\"en-US\"}]}<\/script>\n<!-- \/ Yoast SEO plugin. -->","yoast_head_json":{"title":"Sistema digital de inyecci\u00f3n de tinta UV CYCJET ALT502UV - CYCJET","description":"PRODUCT DESCRIPTION( CYCJET ALT502UV UV Digital Ink-Jet System ):ALT500UV high resolution inkjet printing system max can be in 4400dpi.Character direction","robots":{"index":"index","follow":"follow","max-snippet":"max-snippet:-1","max-image-preview":"max-image-preview:large","max-video-preview":"max-video-preview:-1"},"canonical":"https:\/\/www.cycjetes.com\/?product=cycjet-alt502uv-uv-digital-ink-jet-system","og_locale":"en_US","og_type":"article","og_title":"Sistema digital de inyecci\u00f3n de tinta UV CYCJET ALT502UV - CYCJET","og_description":"PRODUCT DESCRIPTION( CYCJET ALT502UV UV Digital Ink-Jet System ):ALT500UV high resolution inkjet printing system max can be in 4400dpi.Character direction","og_url":"https:\/\/www.cycjetes.com\/?product=cycjet-alt502uv-uv-digital-ink-jet-system","og_site_name":"CYCJET","article_modified_time":"2025-06-05T12:32:02+00:00","og_image":[{"width":1493,"height":399,"url":"https:\/\/www.cycjetes.com\/wp-content\/uploads\/2022\/11\/22-3.jpg","type":"image\/jpeg"}],"twitter_card":"summary_large_image","twitter_misc":{"Est. reading time":"1 minute"},"schema":{"@context":"https:\/\/schema.org","@graph":[{"@type":"WebPage","@id":"https:\/\/www.cycjetes.com\/?product=cycjet-alt502uv-uv-digital-ink-jet-system","url":"https:\/\/www.cycjetes.com\/?product=cycjet-alt502uv-uv-digital-ink-jet-system","name":"Sistema digital de inyecci\u00f3n de tinta UV CYCJET ALT502UV - CYCJET","isPartOf":{"@id":"https:\/\/www.cycjetes.com\/#website"},"primaryImageOfPage":{"@id":"https:\/\/www.cycjetes.com\/?product=cycjet-alt502uv-uv-digital-ink-jet-system#primaryimage"},"image":{"@id":"https:\/\/www.cycjetes.com\/?product=cycjet-alt502uv-uv-digital-ink-jet-system#primaryimage"},"thumbnailUrl":"https:\/\/www.cycjetes.com\/wp-content\/uploads\/2022\/11\/22-3.jpg","datePublished":"2022-11-25T10:34:07+00:00","dateModified":"2025-06-05T12:32:02+00:00","description":"PRODUCT DESCRIPTION( CYCJET ALT502UV UV Digital Ink-Jet System ):ALT500UV high resolution inkjet printing system max can be in 4400dpi.Character direction","breadcrumb":{"@id":"https:\/\/www.cycjetes.com\/?product=cycjet-alt502uv-uv-digital-ink-jet-system#breadcrumb"},"inLanguage":"en-US","potentialAction":[{"@type":"ReadAction","target":["https:\/\/www.cycjetes.com\/?product=cycjet-alt502uv-uv-digital-ink-jet-system"]}]},{"@type":"ImageObject","inLanguage":"en-US","@id":"https:\/\/www.cycjetes.com\/?product=cycjet-alt502uv-uv-digital-ink-jet-system#primaryimage","url":"https:\/\/www.cycjetes.com\/wp-content\/uploads\/2022\/11\/22-3.jpg","contentUrl":"https:\/\/www.cycjetes.com\/wp-content\/uploads\/2022\/11\/22-3.jpg","width":1493,"height":399},{"@type":"BreadcrumbList","@id":"https:\/\/www.cycjetes.com\/?product=cycjet-alt502uv-uv-digital-ink-jet-system#breadcrumb","itemListElement":[{"@type":"ListItem","position":1,"name":"Home","item":"https:\/\/www.cycjetes.com\/"},{"@type":"ListItem","position":2,"name":"Products","item":"https:\/\/www.cycjetes.com\/?page_id=7"},{"@type":"ListItem","position":3,"name":"Sistema digital de inyecci\u00f3n de tinta UV CYCJET ALT502UV"}]},{"@type":"WebSite","@id":"https:\/\/www.cycjetes.com\/#website","url":"https:\/\/www.cycjetes.com\/","name":"CYCJET","description":"","potentialAction":[{"@type":"SearchAction","target":{"@type":"EntryPoint","urlTemplate":"https:\/\/www.cycjetes.com\/?s={search_term_string}"},"query-input":{"@type":"PropertyValueSpecification","valueRequired":true,"valueName":"search_term_string"}}],"inLanguage":"en-US"}]}},"_links":{"self":[{"href":"https:\/\/www.cycjetes.com\/index.php?rest_route=\/wp\/v2\/product\/1583","targetHints":{"allow":["GET"]}}],"collection":[{"href":"https:\/\/www.cycjetes.com\/index.php?rest_route=\/wp\/v2\/product"}],"about":[{"href":"https:\/\/www.cycjetes.com\/index.php?rest_route=\/wp\/v2\/types\/product"}],"replies":[{"embeddable":true,"href":"https:\/\/www.cycjetes.com\/index.php?rest_route=%2Fwp%2Fv2%2Fcomments&post=1583"}],"wp:featuredmedia":[{"embeddable":true,"href":"https:\/\/www.cycjetes.com\/index.php?rest_route=\/wp\/v2\/media\/1585"}],"wp:attachment":[{"href":"https:\/\/www.cycjetes.com\/index.php?rest_route=%2Fwp%2Fv2%2Fmedia&parent=1583"}],"wp:term":[{"taxonomy":"product_brand","embeddable":true,"href":"https:\/\/www.cycjetes.com\/index.php?rest_route=%2Fwp%2Fv2%2Fproduct_brand&post=1583"},{"taxonomy":"product_cat","embeddable":true,"href":"https:\/\/www.cycjetes.com\/index.php?rest_route=%2Fwp%2Fv2%2Fproduct_cat&post=1583"},{"taxonomy":"product_tag","embeddable":true,"href":"https:\/\/www.cycjetes.com\/index.php?rest_route=%2Fwp%2Fv2%2Fproduct_tag&post=1583"}],"curies":[{"name":"wp","href":"https:\/\/api.w.org\/{rel}","templated":true}]}}