{"id":119,"date":"2021-08-09T07:40:57","date_gmt":"2021-08-09T07:40:57","guid":{"rendered":"https:\/\/spcycjet.tradeoptimize-clients.com\/?post_type=product&#038;p=119"},"modified":"2025-06-06T09:04:35","modified_gmt":"2025-06-06T09:04:35","slug":"cycjet-alt390h-p-small-desktop-inkjet-printer","status":"publish","type":"product","link":"https:\/\/www.cycjetes.com\/?product=cycjet-alt390h-p-small-desktop-inkjet-printer","title":{"rendered":"CYCJET ALT390H-P Peque\u00f1a impresora de inyecci\u00f3n de tinta de sobremesa"},"content":{"rendered":"<div class=\"row row-full-width\"  id=\"row-658781128\">\n\n\t<div id=\"col-1205830435\" class=\"col medium-6 small-12 large-6\"  data-animate=\"fadeInLeft\">\n\t\t<div class=\"col-inner\"  >\n\t\t\t\n\t\t\t\n<div class=\"tem378-irregular noScrollMove bgFixed clearBg\">\n<div class=\"content-right content-section noScrollMove tem44-irregular\">\n<div class=\"container\">\n<div class=\"row\">\n<div class=\"flexBoxStem irregular-item\">\n<div class=\"flexBoxFill col-lg-9 col-md-9 col-sm-9 col-xs-12 content-float\">\n<div>\n<div class=\"tem06-irregular-text wow animated fadeInUp animated animated animated animated animated animated animated animated animated animated animated animated animated animated animated animated animated animated animated animated\">\n<div class=\"h2 bg-color-after font-color-gray-level-3 title\">\n<section>\n<h3><strong><span style=\"color: #333399\">DESCRIPCI\u00d3N DEL PRODUCTO<\/span><\/strong><\/h3>\n<\/section>\n<\/div>\n<div class=\"text description\">\n<section>La impresora de inyecci\u00f3n de tinta de escritorio ALT390 H-P puede imprimir una altura m\u00e1xima de 12.7 mm de una vez. Cuenta con pantalla t\u00e1ctil en color, y puedes ingresar la informaci\u00f3n de impresi\u00f3n directamente a trav\u00e9s de la pantalla, sin necesidad de conectar a una PC. WYSIWYW. Adem\u00e1s, la m\u00e1quina es adecuada para impresi\u00f3n en productos irregulares, como cajas peque\u00f1as, botellas, frascos, latas, impresi\u00f3n en repuestos, para imprimir logotipos, c\u00f3digos de barras, fechas, n\u00famero de lote, etc.<\/p>\n<p>Asimismo, la impresora de inyecci\u00f3n de tinta de escritorio ALT390 H-P se utiliza ampliamente en industrias qu\u00edmicas, automotrices, electr\u00f3nicas, de alimentos, bebidas, materiales de construcci\u00f3n, art\u00edculos de uso diario, caucho y oficinas postales.<\/p>\n<\/section>\n<\/div>\n<\/div>\n<\/div>\n<\/div>\n<div class=\"clearfix\"><\/div>\n<\/div>\n<\/div>\n<\/div>\n<\/div>\n<\/div>\n\t\t<\/div>\n\t\t\t<\/div>\n\n\t\n\n\t<div id=\"col-2097354519\" class=\"col medium-6 small-12 large-6\"  data-animate=\"fadeInRight\">\n\t\t<div class=\"col-inner\"  >\n\t\t\t\n\t\t\t\n\t<div class=\"img has-hover x md-x lg-x y md-y lg-y\" id=\"image_716177330\">\n\t\t\t\t\t\t\t\t<div class=\"img-inner dark\" >\n\t\t\t<img loading=\"lazy\" decoding=\"async\" width=\"789\" height=\"593\" src=\"https:\/\/www.cycjetes.com\/wp-content\/uploads\/2021\/09\/ICM-TIP-01-3-1.webp\" class=\"attachment-large size-large\" alt=\"\" srcset=\"https:\/\/www.cycjetes.com\/wp-content\/uploads\/2021\/09\/ICM-TIP-01-3-1.webp 789w, https:\/\/www.cycjetes.com\/wp-content\/uploads\/2021\/09\/ICM-TIP-01-3-1-300x225.webp 300w, https:\/\/www.cycjetes.com\/wp-content\/uploads\/2021\/09\/ICM-TIP-01-3-1-768x577.webp 768w, https:\/\/www.cycjetes.com\/wp-content\/uploads\/2021\/09\/ICM-TIP-01-3-1-600x451.webp 600w\" sizes=\"auto, (max-width: 789px) 100vw, 789px\" \/>\t\t\t\t\t\t\n\t\t\t\t\t<\/div>\n\t\t\t\t\t\t\t\t\n<style>\n#image_716177330 {\n  width: 100%;\n}\n<\/style>\n\t<\/div>\n\t\n\t\t<\/div>\n\t\t\t<\/div>\n\n\t\n<\/div>\n<div class=\"row row-full-width\"  id=\"row-1061927120\">\n\n\t<div id=\"col-1715640969\" class=\"col small-12 large-12\"  >\n\t\t<div class=\"col-inner\"  >\n\t\t\t\n\t\t\t\n<div class=\"container section-title-container\" ><h2 class=\"section-title section-title-center\"><b><\/b><span class=\"section-title-main\" style=\"color:rgb(14, 24, 184);\">Aplicaci\u00f3n<\/span><b><\/b><\/h2><\/div>\n\t\t<\/div>\n\t\t\t<\/div>\n\n\t\n\n\t<div id=\"col-1687453561\" class=\"col medium-6 small-12 large-6\"  >\n\t\t<div class=\"col-inner\"  >\n\t\t\t\n\t<div class=\"is-border\"\n\t\tstyle=\"border-color:rgb(255, 195, 0);border-radius:50px;border-width:2px 2px 2px 2;\">\n\t<\/div>\n\t\t\t\n\t<div class=\"box has-hover   has-hover box-text-bottom\" >\n\n\t\t<div class=\"box-image\" >\n\t\t\t\t\t\t<div class=\"\" >\n\t\t\t\t<img loading=\"lazy\" decoding=\"async\" width=\"750\" height=\"501\" src=\"https:\/\/www.cycjetes.com\/wp-content\/uploads\/2021\/09\/ICM-TIP-01-3-1-app-1.webp\" class=\"attachment- size-\" alt=\"\" srcset=\"https:\/\/www.cycjetes.com\/wp-content\/uploads\/2021\/09\/ICM-TIP-01-3-1-app-1.webp 750w, https:\/\/www.cycjetes.com\/wp-content\/uploads\/2021\/09\/ICM-TIP-01-3-1-app-1-300x200.webp 300w, https:\/\/www.cycjetes.com\/wp-content\/uploads\/2021\/09\/ICM-TIP-01-3-1-app-1-600x401.webp 600w\" sizes=\"auto, (max-width: 750px) 100vw, 750px\" \/>\t\t\t\t\t\t\t\t\t\t\t<\/div>\n\t\t\t\t\t<\/div>\n\n\t\t<div class=\"box-text text-center\" >\n\t\t\t<div class=\"box-text-inner\">\n\t\t\t\t\n<h4><span style=\"color: #333399\">Tapa de botella<\/span><\/h4>\n<p>La impresora de inyecci\u00f3n de tinta de escritorio ALT390H-P es popular para la impresi\u00f3n en productos peque\u00f1os como tapas. Puede imprimir superficies peque\u00f1as e irregulares. La distancia entre el cabezal de impresi\u00f3n y la superficie del producto es de 1-3 mm. Por eso la impresora de escritorio es mejor que la impresora de mano, porque esta \u00faltima es adecuada para superficies grandes.<\/p>\n\t\t\t<\/div>\n\t\t<\/div>\n\t<\/div>\n\t\n\t\t<\/div>\n\t\t\t<\/div>\n\n\t\n\n\t<div id=\"col-242943223\" class=\"col medium-6 small-12 large-6\"  >\n\t\t<div class=\"col-inner\"  >\n\t\t\t\n\t<div class=\"is-border\"\n\t\tstyle=\"border-color:rgb(255, 195, 0);border-radius:50px;border-width:2px 2px 2px 2;\">\n\t<\/div>\n\t\t\t\n\t<div class=\"box has-hover   has-hover box-text-bottom\" >\n\n\t\t<div class=\"box-image\" >\n\t\t\t\t\t\t<div class=\"\" >\n\t\t\t\t<img loading=\"lazy\" decoding=\"async\" width=\"750\" height=\"501\" src=\"https:\/\/www.cycjetes.com\/wp-content\/uploads\/2021\/09\/ICM-TIP-01-3-1-app-2.webp\" class=\"attachment- size-\" alt=\"\" srcset=\"https:\/\/www.cycjetes.com\/wp-content\/uploads\/2021\/09\/ICM-TIP-01-3-1-app-2.webp 750w, https:\/\/www.cycjetes.com\/wp-content\/uploads\/2021\/09\/ICM-TIP-01-3-1-app-2-300x200.webp 300w, https:\/\/www.cycjetes.com\/wp-content\/uploads\/2021\/09\/ICM-TIP-01-3-1-app-2-600x401.webp 600w\" sizes=\"auto, (max-width: 750px) 100vw, 750px\" \/>\t\t\t\t\t\t\t\t\t\t\t<\/div>\n\t\t\t\t\t<\/div>\n\n\t\t<div class=\"box-text text-center\" >\n\t\t\t<div class=\"box-text-inner\">\n\t\t\t\t\n<h4><span style=\"color: #333399\">Caja de cart\u00f3n<\/span><\/h4>\n<p>Caja de medicamentos, caja de cigarrillos, tarjeta de papel. La impresora de inyecci\u00f3n de tinta de escritorio ALT390 H-P es especial para productos que tienen pel\u00edcula pl\u00e1stica pegada en la superficie y requieren impresi\u00f3n clara. Esta m\u00e1quina se usa ampliamente en las industrias de medicina, cigarrillos, alimentos y bebidas.<\/p>\n\t\t\t<\/div>\n\t\t<\/div>\n\t<\/div>\n\t\n\t\t<\/div>\n\t\t\t<\/div>\n\n\t\n<\/div>\n<div class=\"row\"  id=\"row-1501472734\">\n\n\t<div id=\"col-1107606525\" class=\"col small-12 large-12\"  >\n\t\t<div class=\"col-inner\"  >\n\t\t\t\n\t\t\t\n<div class=\"container section-title-container\" ><h2 class=\"section-title section-title-center\"><b><\/b><span class=\"section-title-main\" style=\"color:rgb(14, 24, 184);\">Especificaciones T\u00e9cnicas<\/span><b><\/b><\/h2><\/div>\n\t\t<\/div>\n\t\t\t<\/div>\n\n\t\n\n\t<div id=\"col-92635722\" class=\"col small-12 large-12\"  >\n\t\t<div class=\"col-inner\"  >\n\t\t\t\n\t\t\t\n<table class=\"table table-bordered table-hover\">\n<tbody>\n<tr class=\"firstRow\">\n<td valign=\"center\" width=\"92\">Tipo<\/td>\n<td valign=\"center\" width=\"469\">Alta resoluci\u00f3n\/TIJ\/Peque\u00f1a impresora de mano<\/td>\n<\/tr>\n<tr>\n<td valign=\"center\" width=\"92\">Altura de impresi\u00f3n<\/td>\n<td valign=\"center\" width=\"469\">2-12.7 mm<\/td>\n<\/tr>\n<tr>\n<td valign=\"center\" width=\"92\">Espacio de impresi\u00f3n<\/td>\n<td valign=\"center\" width=\"469\">1 mm &#8211; 3 mm, sujeto al contenido de impresi\u00f3n y tipo de tinta<\/td>\n<\/tr>\n<tr>\n<td valign=\"center\" width=\"92\">L\u00edneas de impresi\u00f3n<\/td>\n<td valign=\"center\" width=\"469\">L\u00edneas ilimitadas dentro de la altura m\u00e1xima de 12.7 mm.<\/td>\n<\/tr>\n<tr>\n<td valign=\"center\" width=\"92\">Longitud de impresi\u00f3n<\/td>\n<td valign=\"center\" width=\"469\">Archivo \u00fanico, longitud m\u00e1xima 90 mm<\/td>\n<\/tr>\n<tr>\n<td valign=\"center\" width=\"92\">Velocidad de impresi\u00f3n<\/td>\n<td valign=\"center\" width=\"469\">1.5 s \/ impresi\u00f3n<\/td>\n<\/tr>\n<tr>\n<td valign=\"center\" width=\"92\">Resoluci\u00f3n de impresi\u00f3n<\/td>\n<td valign=\"center\" width=\"469\">Altura de resoluci\u00f3n 185 DPI; Resoluci\u00f3n en direcci\u00f3n transversal 100-600 DPI ajustable<\/td>\n<\/tr>\n<tr>\n<td valign=\"center\" width=\"92\">Fuentes de impresi\u00f3n<\/td>\n<td valign=\"center\" width=\"469\">Fuentes variadas incorporadas, con opciones de barra horizontal, barra vertical, matriz de puntos, negrita.<\/td>\n<\/tr>\n<tr>\n<td valign=\"center\" width=\"92\">Contenido de impresi\u00f3n<\/td>\n<td valign=\"center\" width=\"469\">Fecha real, hora real, foto, texto, grupo de turnos, n\u00famero de serie, n\u00famero de lote, c\u00f3digo de barras y c\u00f3digo 2D imprimibles libremente.<\/td>\n<\/tr>\n<tr>\n<td valign=\"center\" width=\"92\">Direcci\u00f3n de impresi\u00f3n<\/td>\n<td valign=\"center\" width=\"469\">Impresi\u00f3n lateral (impresi\u00f3n hacia arriba o hacia abajo opcional)<\/td>\n<\/tr>\n<tr>\n<td valign=\"center\" width=\"92\">Biblioteca de fuentes<\/td>\n<td valign=\"center\" width=\"469\">Bibliotecas est\u00e1ndar en chino e ingl\u00e9s, y opcionalmente en espa\u00f1ol, portugu\u00e9s y \u00e1rabe<\/td>\n<\/tr>\n<tr>\n<td valign=\"center\" width=\"92\">Interfaces de operador<\/td>\n<td valign=\"center\" width=\"469\">Men\u00fa estilo imagen en chino o ingl\u00e9s (espa\u00f1ol, portugu\u00e9s, \u00e1rabe), WYSIWYG.<\/td>\n<\/tr>\n<tr>\n<td valign=\"center\" width=\"92\">Funci\u00f3n de memoria<\/td>\n<td valign=\"center\" width=\"469\">M\u00e1s de 1000 textos almacenables<\/td>\n<\/tr>\n<tr>\n<td valign=\"center\" width=\"92\">Pantalla<\/td>\n<td valign=\"center\" width=\"469\">Pantalla t\u00e1ctil a color de 3.5 pulgadas<\/td>\n<\/tr>\n<tr>\n<td rowspan=\"2\" valign=\"center\" width=\"92\">Tipo de tinta<\/td>\n<td valign=\"center\" width=\"469\">El cabezal de impresi\u00f3n y la tinta est\u00e1n integrados, f\u00e1cil de renovar. Evita contaminaci\u00f3n ambiental. Advertencia de nivel bajo. Puede afectar la impresi\u00f3n continua al renovar el cartucho de tinta.<\/td>\n<\/tr>\n<tr>\n<td valign=\"center\" width=\"469\">Puede imprimir sobre superficies de pl\u00e1stico, vidrio, metal, papel, madera&#8230;<\/td>\n<\/tr>\n<tr>\n<td valign=\"center\" width=\"92\">Color de tinta<\/td>\n<td valign=\"center\" width=\"469\">Negro, rojo, amarillo, azul, verde, blanco, etc.<\/td>\n<\/tr>\n<tr>\n<td valign=\"center\" width=\"92\">Cada cartucho de tinta<\/td>\n<td valign=\"center\" width=\"469\">Cada cartucho puede imprimir 400,000 caracteres de 2 mm en producci\u00f3n eficiente<\/td>\n<\/tr>\n<tr>\n<td rowspan=\"2\" valign=\"center\" width=\"92\">Peso y dimensiones de la m\u00e1quina<\/td>\n<td valign=\"center\" width=\"469\">6 kg<\/td>\n<\/tr>\n<tr>\n<td valign=\"center\" width=\"469\">39*31*30 cm<\/td>\n<\/tr>\n<tr>\n<td valign=\"center\" width=\"92\">Fuente de alimentaci\u00f3n<\/td>\n<td valign=\"center\" width=\"469\">Entrada cargador AC 100V-260V, 50-60Hz; salida DC 12V<\/td>\n<\/tr>\n<tr>\n<td valign=\"center\" width=\"92\">Rango de humedad<\/td>\n<td valign=\"center\" width=\"469\">10-90% sin condensaci\u00f3n<\/td>\n<\/tr>\n<tr>\n<td valign=\"center\" width=\"92\">Rango de temperatura<\/td>\n<td valign=\"center\" width=\"469\">5-40 \u00b0C<\/td>\n<\/tr>\n<tr>\n<td valign=\"center\" width=\"92\">Interfaz externa<\/td>\n<td valign=\"center\" width=\"469\">Interfaz USB, sensor (opcional), sincronizador (opcional).<\/td>\n<\/tr>\n<tr>\n<td valign=\"center\" width=\"92\">Otros<\/td>\n<td valign=\"center\" width=\"469\">No requiere conexi\u00f3n a aire comprimido externo ni solventes<\/td>\n<\/tr>\n<\/tbody>\n<\/table>\n\t\t<\/div>\n\t\t\t<\/div>\n\n\t\n<\/div>\n","protected":false},"excerpt":{"rendered":"<table style=\"font-size: 14. 4px\">\n<tbody>\n<tr>\n<td width=\"176\"><strong>Modelo:<\/strong><\/td>\n<td width=\"182\">ALT390H-P<\/td>\n<\/tr>\n<tr>\n<td width=\"176\"><strong>Marca: <\/strong><\/td>\n<td width=\"182\">CYCJET<\/td>\n<\/tr>\n<tr>\n<td width=\"176\"><strong>MOQ<\/strong>:<\/td>\n<td width=\"182\">1 Set<\/td>\n<\/tr>\n<tr>\n<td width=\"176\"><strong>Certificaci\u00f3n: <\/strong><\/td>\n<td width=\"182\">CE, SGS, FDA<\/td>\n<\/tr>\n<tr>\n<td width=\"176\"><strong>Pago: <\/strong><\/td>\n<td width=\"182\">T \/ T, L \/ C, Western Union, Paypal<\/td>\n<\/tr>\n<tr>\n<td width=\"176\"><strong>Garant\u00eda:<\/strong><\/td>\n<td width=\"182\">1A\u00f1o<\/td>\n<\/tr>\n<\/tbody>\n<\/table>\n","protected":false},"featured_media":463,"comment_status":"closed","ping_status":"closed","template":"","meta":[],"product_brand":[],"product_cat":[19,20],"product_tag":[],"class_list":{"0":"post-119","1":"product","2":"type-product","3":"status-publish","4":"has-post-thumbnail","6":"product_cat-inkjet-coding-machines","7":"product_cat-tij-inkjet-printer","9":"first","10":"instock","11":"shipping-taxable","12":"product-type-simple"},"yoast_head":"<!-- This site is optimized with the Yoast SEO plugin v25.2 - https:\/\/yoast.com\/wordpress\/plugins\/seo\/ -->\n<title>CYCJET ALT390H-P Peque\u00f1a impresora de inyecci\u00f3n de tinta de sobremesa - CYCJET<\/title>\n<meta name=\"robots\" content=\"index, follow, max-snippet:-1, max-image-preview:large, max-video-preview:-1\" \/>\n<link rel=\"canonical\" href=\"https:\/\/www.cycjetes.com\/?product=cycjet-alt390h-p-small-desktop-inkjet-printer\" \/>\n<meta property=\"og:locale\" content=\"en_US\" \/>\n<meta property=\"og:type\" content=\"article\" \/>\n<meta property=\"og:title\" content=\"CYCJET ALT390H-P Peque\u00f1a impresora de inyecci\u00f3n de tinta de sobremesa - CYCJET\" \/>\n<meta property=\"og:description\" content=\"Modelo: ALT390H-P   Marca:  CYCJET   MOQ: 1 Set   Certificaci\u00f3n:  CE, SGS, FDA   Pago:  T \/ T, L \/ C, Western Union, Paypal   Garant\u00eda: 1A\u00f1o\" \/>\n<meta property=\"og:url\" content=\"https:\/\/www.cycjetes.com\/?product=cycjet-alt390h-p-small-desktop-inkjet-printer\" \/>\n<meta property=\"og:site_name\" content=\"CYCJET\" \/>\n<meta property=\"article:modified_time\" content=\"2025-06-06T09:04:35+00:00\" \/>\n<meta property=\"og:image\" content=\"https:\/\/www.cycjetes.com\/wp-content\/uploads\/2021\/08\/15852019389332.jpg\" \/>\n\t<meta property=\"og:image:width\" content=\"800\" \/>\n\t<meta property=\"og:image:height\" content=\"800\" \/>\n\t<meta property=\"og:image:type\" content=\"image\/jpeg\" \/>\n<meta name=\"twitter:card\" content=\"summary_large_image\" \/>\n<script type=\"application\/ld+json\" class=\"yoast-schema-graph\">{\"@context\":\"https:\/\/schema.org\",\"@graph\":[{\"@type\":\"WebPage\",\"@id\":\"https:\/\/www.cycjetes.com\/?product=cycjet-alt390h-p-small-desktop-inkjet-printer\",\"url\":\"https:\/\/www.cycjetes.com\/?product=cycjet-alt390h-p-small-desktop-inkjet-printer\",\"name\":\"CYCJET ALT390H-P Peque\u00f1a impresora de inyecci\u00f3n de tinta de sobremesa - CYCJET\",\"isPartOf\":{\"@id\":\"https:\/\/www.cycjetes.com\/#website\"},\"primaryImageOfPage\":{\"@id\":\"https:\/\/www.cycjetes.com\/?product=cycjet-alt390h-p-small-desktop-inkjet-printer#primaryimage\"},\"image\":{\"@id\":\"https:\/\/www.cycjetes.com\/?product=cycjet-alt390h-p-small-desktop-inkjet-printer#primaryimage\"},\"thumbnailUrl\":\"https:\/\/www.cycjetes.com\/wp-content\/uploads\/2021\/08\/15852019389332.jpg\",\"datePublished\":\"2021-08-09T07:40:57+00:00\",\"dateModified\":\"2025-06-06T09:04:35+00:00\",\"breadcrumb\":{\"@id\":\"https:\/\/www.cycjetes.com\/?product=cycjet-alt390h-p-small-desktop-inkjet-printer#breadcrumb\"},\"inLanguage\":\"en-US\",\"potentialAction\":[{\"@type\":\"ReadAction\",\"target\":[\"https:\/\/www.cycjetes.com\/?product=cycjet-alt390h-p-small-desktop-inkjet-printer\"]}]},{\"@type\":\"ImageObject\",\"inLanguage\":\"en-US\",\"@id\":\"https:\/\/www.cycjetes.com\/?product=cycjet-alt390h-p-small-desktop-inkjet-printer#primaryimage\",\"url\":\"https:\/\/www.cycjetes.com\/wp-content\/uploads\/2021\/08\/15852019389332.jpg\",\"contentUrl\":\"https:\/\/www.cycjetes.com\/wp-content\/uploads\/2021\/08\/15852019389332.jpg\",\"width\":800,\"height\":800},{\"@type\":\"BreadcrumbList\",\"@id\":\"https:\/\/www.cycjetes.com\/?product=cycjet-alt390h-p-small-desktop-inkjet-printer#breadcrumb\",\"itemListElement\":[{\"@type\":\"ListItem\",\"position\":1,\"name\":\"Home\",\"item\":\"https:\/\/www.cycjetes.com\/\"},{\"@type\":\"ListItem\",\"position\":2,\"name\":\"Products\",\"item\":\"https:\/\/www.cycjetes.com\/?page_id=7\"},{\"@type\":\"ListItem\",\"position\":3,\"name\":\"CYCJET ALT390H-P Peque\u00f1a impresora de inyecci\u00f3n de tinta de sobremesa\"}]},{\"@type\":\"WebSite\",\"@id\":\"https:\/\/www.cycjetes.com\/#website\",\"url\":\"https:\/\/www.cycjetes.com\/\",\"name\":\"CYCJET\",\"description\":\"\",\"potentialAction\":[{\"@type\":\"SearchAction\",\"target\":{\"@type\":\"EntryPoint\",\"urlTemplate\":\"https:\/\/www.cycjetes.com\/?s={search_term_string}\"},\"query-input\":{\"@type\":\"PropertyValueSpecification\",\"valueRequired\":true,\"valueName\":\"search_term_string\"}}],\"inLanguage\":\"en-US\"}]}<\/script>\n<!-- \/ Yoast SEO plugin. -->","yoast_head_json":{"title":"CYCJET ALT390H-P Peque\u00f1a impresora de inyecci\u00f3n de tinta de sobremesa - CYCJET","robots":{"index":"index","follow":"follow","max-snippet":"max-snippet:-1","max-image-preview":"max-image-preview:large","max-video-preview":"max-video-preview:-1"},"canonical":"https:\/\/www.cycjetes.com\/?product=cycjet-alt390h-p-small-desktop-inkjet-printer","og_locale":"en_US","og_type":"article","og_title":"CYCJET ALT390H-P Peque\u00f1a impresora de inyecci\u00f3n de tinta de sobremesa - CYCJET","og_description":"Modelo: ALT390H-P   Marca:  CYCJET   MOQ: 1 Set   Certificaci\u00f3n:  CE, SGS, FDA   Pago:  T \/ T, L \/ C, Western Union, Paypal   Garant\u00eda: 1A\u00f1o","og_url":"https:\/\/www.cycjetes.com\/?product=cycjet-alt390h-p-small-desktop-inkjet-printer","og_site_name":"CYCJET","article_modified_time":"2025-06-06T09:04:35+00:00","og_image":[{"width":800,"height":800,"url":"https:\/\/www.cycjetes.com\/wp-content\/uploads\/2021\/08\/15852019389332.jpg","type":"image\/jpeg"}],"twitter_card":"summary_large_image","schema":{"@context":"https:\/\/schema.org","@graph":[{"@type":"WebPage","@id":"https:\/\/www.cycjetes.com\/?product=cycjet-alt390h-p-small-desktop-inkjet-printer","url":"https:\/\/www.cycjetes.com\/?product=cycjet-alt390h-p-small-desktop-inkjet-printer","name":"CYCJET ALT390H-P Peque\u00f1a impresora de inyecci\u00f3n de tinta de sobremesa - CYCJET","isPartOf":{"@id":"https:\/\/www.cycjetes.com\/#website"},"primaryImageOfPage":{"@id":"https:\/\/www.cycjetes.com\/?product=cycjet-alt390h-p-small-desktop-inkjet-printer#primaryimage"},"image":{"@id":"https:\/\/www.cycjetes.com\/?product=cycjet-alt390h-p-small-desktop-inkjet-printer#primaryimage"},"thumbnailUrl":"https:\/\/www.cycjetes.com\/wp-content\/uploads\/2021\/08\/15852019389332.jpg","datePublished":"2021-08-09T07:40:57+00:00","dateModified":"2025-06-06T09:04:35+00:00","breadcrumb":{"@id":"https:\/\/www.cycjetes.com\/?product=cycjet-alt390h-p-small-desktop-inkjet-printer#breadcrumb"},"inLanguage":"en-US","potentialAction":[{"@type":"ReadAction","target":["https:\/\/www.cycjetes.com\/?product=cycjet-alt390h-p-small-desktop-inkjet-printer"]}]},{"@type":"ImageObject","inLanguage":"en-US","@id":"https:\/\/www.cycjetes.com\/?product=cycjet-alt390h-p-small-desktop-inkjet-printer#primaryimage","url":"https:\/\/www.cycjetes.com\/wp-content\/uploads\/2021\/08\/15852019389332.jpg","contentUrl":"https:\/\/www.cycjetes.com\/wp-content\/uploads\/2021\/08\/15852019389332.jpg","width":800,"height":800},{"@type":"BreadcrumbList","@id":"https:\/\/www.cycjetes.com\/?product=cycjet-alt390h-p-small-desktop-inkjet-printer#breadcrumb","itemListElement":[{"@type":"ListItem","position":1,"name":"Home","item":"https:\/\/www.cycjetes.com\/"},{"@type":"ListItem","position":2,"name":"Products","item":"https:\/\/www.cycjetes.com\/?page_id=7"},{"@type":"ListItem","position":3,"name":"CYCJET ALT390H-P Peque\u00f1a impresora de inyecci\u00f3n de tinta de sobremesa"}]},{"@type":"WebSite","@id":"https:\/\/www.cycjetes.com\/#website","url":"https:\/\/www.cycjetes.com\/","name":"CYCJET","description":"","potentialAction":[{"@type":"SearchAction","target":{"@type":"EntryPoint","urlTemplate":"https:\/\/www.cycjetes.com\/?s={search_term_string}"},"query-input":{"@type":"PropertyValueSpecification","valueRequired":true,"valueName":"search_term_string"}}],"inLanguage":"en-US"}]}},"_links":{"self":[{"href":"https:\/\/www.cycjetes.com\/index.php?rest_route=\/wp\/v2\/product\/119","targetHints":{"allow":["GET"]}}],"collection":[{"href":"https:\/\/www.cycjetes.com\/index.php?rest_route=\/wp\/v2\/product"}],"about":[{"href":"https:\/\/www.cycjetes.com\/index.php?rest_route=\/wp\/v2\/types\/product"}],"replies":[{"embeddable":true,"href":"https:\/\/www.cycjetes.com\/index.php?rest_route=%2Fwp%2Fv2%2Fcomments&post=119"}],"wp:featuredmedia":[{"embeddable":true,"href":"https:\/\/www.cycjetes.com\/index.php?rest_route=\/wp\/v2\/media\/463"}],"wp:attachment":[{"href":"https:\/\/www.cycjetes.com\/index.php?rest_route=%2Fwp%2Fv2%2Fmedia&parent=119"}],"wp:term":[{"taxonomy":"product_brand","embeddable":true,"href":"https:\/\/www.cycjetes.com\/index.php?rest_route=%2Fwp%2Fv2%2Fproduct_brand&post=119"},{"taxonomy":"product_cat","embeddable":true,"href":"https:\/\/www.cycjetes.com\/index.php?rest_route=%2Fwp%2Fv2%2Fproduct_cat&post=119"},{"taxonomy":"product_tag","embeddable":true,"href":"https:\/\/www.cycjetes.com\/index.php?rest_route=%2Fwp%2Fv2%2Fproduct_tag&post=119"}],"curies":[{"name":"wp","href":"https:\/\/api.w.org\/{rel}","templated":true}]}}