{"id":115,"date":"2021-08-09T07:20:02","date_gmt":"2021-08-09T07:20:02","guid":{"rendered":"https:\/\/spcycjet.tradeoptimize-clients.com\/?post_type=product&#038;p=115"},"modified":"2025-06-06T09:09:20","modified_gmt":"2025-06-06T09:09:20","slug":"cycjet-smart-iii-small-hand-stamp-inkjet-printer","status":"publish","type":"product","link":"https:\/\/www.cycjetes.com\/?product=cycjet-smart-iii-small-hand-stamp-inkjet-printer","title":{"rendered":"Impresora de inyecci\u00f3n de tinta CYCJET Smart III Small Hand Stamp"},"content":{"rendered":"<div class=\"row row-full-width\"  id=\"row-1598599366\">\n\n\t<div id=\"col-1958066066\" class=\"col medium-6 small-12 large-6\"  data-animate=\"fadeInLeft\">\n\t\t<div class=\"col-inner\"  >\n\t\t\t\n\t\t\t\n<div class=\"title\">\n<section>\n<h3><span style=\"color: #333399\"><strong>DESCRIPCI\u00d3N DEL PRODUCTO<\/strong><\/span><\/h3>\n<\/section>\n<\/div>\n<div class=\"description border\">\n<section>CYCJET impresora de inyecci\u00f3n de tinta manual inteligente ha sido ampliamente utilizada en oleoductos y gasoductos, estructuras de acero, materiales de construcci\u00f3n, alimentos y bebidas, materiales de embalaje como madera contrachapada, cajas de cart\u00f3n, etiquetas, etc. Nuevo dise\u00f1o con sistema operativo Linux, funcionando con mayor flexibilidad. Aplicaci\u00f3n de pantalla t\u00e1ctil a color de 4.3\u2019\u2019 WYSIWYG. Basado en tecnolog\u00eda t\u00e9rmica, proporciona un sistema de impresi\u00f3n por inyecci\u00f3n de tinta de alta calidad, alta eficiencia, bajo costo y f\u00e1cil manejo en todo momento. El software est\u00e1ndar puede cumplir con solicitudes normales de impresi\u00f3n, incluyendo logo, c\u00f3digo de barras, c\u00f3digo QR, fecha real, n\u00famero de serie, impresi\u00f3n l\u00ednea por l\u00ednea, etc. Adem\u00e1s, puede imprimir fuentes en negrita y matriz de puntos en cualquier direcci\u00f3n, vertical, horizontal, impresi\u00f3n invertida. M\u00e1s de 20 fuentes diferentes para elegir. La fuente especial antifalsificaci\u00f3n cumple con el requisito de prevenci\u00f3n de productos falsificados. El dise\u00f1o de protecci\u00f3n del cabezal de impresi\u00f3n previene da\u00f1os por rayaduras y colisiones.<\/section>\n<\/div>\n\t\t<\/div>\n\t\t\t<\/div>\n\n\t\n\n\t<div id=\"col-23435375\" class=\"col medium-6 small-12 large-6\"  data-animate=\"fadeInRight\">\n\t\t<div class=\"col-inner\"  >\n\t\t\t\n\t\t\t\n\t<div class=\"img has-hover x md-x lg-x y md-y lg-y\" id=\"image_942872259\">\n\t\t\t\t\t\t\t\t<div class=\"img-inner dark\" >\n\t\t\t<img loading=\"lazy\" decoding=\"async\" width=\"800\" height=\"800\" src=\"https:\/\/www.cycjetes.com\/wp-content\/uploads\/2021\/09\/ICM-TIP-01.jpg\" class=\"attachment-large size-large\" alt=\"\" srcset=\"https:\/\/www.cycjetes.com\/wp-content\/uploads\/2021\/09\/ICM-TIP-01.jpg 800w, https:\/\/www.cycjetes.com\/wp-content\/uploads\/2021\/09\/ICM-TIP-01-300x300.jpg 300w, https:\/\/www.cycjetes.com\/wp-content\/uploads\/2021\/09\/ICM-TIP-01-150x150.jpg 150w, https:\/\/www.cycjetes.com\/wp-content\/uploads\/2021\/09\/ICM-TIP-01-768x768.jpg 768w, https:\/\/www.cycjetes.com\/wp-content\/uploads\/2021\/09\/ICM-TIP-01-600x600.jpg 600w, https:\/\/www.cycjetes.com\/wp-content\/uploads\/2021\/09\/ICM-TIP-01-100x100.jpg 100w\" sizes=\"auto, (max-width: 800px) 100vw, 800px\" \/>\t\t\t\t\t\t\n\t\t\t\t\t<\/div>\n\t\t\t\t\t\t\t\t\n<style>\n#image_942872259 {\n  width: 100%;\n}\n<\/style>\n\t<\/div>\n\t\n\t\t<\/div>\n\t\t\t<\/div>\n\n\t\n<\/div>\n<div class=\"row\"  id=\"row-1833031703\">\n\n\t<div id=\"col-804408709\" class=\"col small-12 large-12\"  >\n\t\t<div class=\"col-inner\"  >\n\t\t\t\n\t\t\t\n<div class=\"container section-title-container\" ><h2 class=\"section-title section-title-center\"><b><\/b><span class=\"section-title-main\" style=\"color:rgb(14, 24, 184);\">Aplicaci\u00f3n<\/span><b><\/b><\/h2><\/div>\n\t\t<\/div>\n\t\t\t<\/div>\n\n\t\n\n\t<div id=\"col-769493544\" class=\"col medium-4 small-12 large-4\"  >\n\t\t<div class=\"col-inner\"  >\n\t\t\t\n\t<div class=\"is-border\"\n\t\tstyle=\"border-color:rgb(255, 195, 0);border-radius:50px;border-width:2px 2px 2px 2;\">\n\t<\/div>\n\t\t\t\n\t<div class=\"box has-hover   has-hover box-text-bottom\" >\n\n\t\t<div class=\"box-image\" >\n\t\t\t\t\t\t<div class=\"\" >\n\t\t\t\t<img loading=\"lazy\" decoding=\"async\" width=\"800\" height=\"800\" src=\"https:\/\/www.cycjetes.com\/wp-content\/uploads\/2021\/09\/ICM-TIP-01-app-1.webp\" class=\"attachment- size-\" alt=\"\" srcset=\"https:\/\/www.cycjetes.com\/wp-content\/uploads\/2021\/09\/ICM-TIP-01-app-1.webp 800w, https:\/\/www.cycjetes.com\/wp-content\/uploads\/2021\/09\/ICM-TIP-01-app-1-300x300.webp 300w, https:\/\/www.cycjetes.com\/wp-content\/uploads\/2021\/09\/ICM-TIP-01-app-1-150x150.webp 150w, https:\/\/www.cycjetes.com\/wp-content\/uploads\/2021\/09\/ICM-TIP-01-app-1-768x768.webp 768w, https:\/\/www.cycjetes.com\/wp-content\/uploads\/2021\/09\/ICM-TIP-01-app-1-600x600.webp 600w, https:\/\/www.cycjetes.com\/wp-content\/uploads\/2021\/09\/ICM-TIP-01-app-1-100x100.webp 100w\" sizes=\"auto, (max-width: 800px) 100vw, 800px\" \/>\t\t\t\t\t\t\t\t\t\t\t<\/div>\n\t\t\t\t\t<\/div>\n\n\t\t<div class=\"box-text text-center\" >\n\t\t\t<div class=\"box-text-inner\">\n\t\t\t\t\n<div class=\"h3 font-color title\">\n<section><span style=\"color: #333399\"><strong>Peque\u00f1as Bolsas de Empaque<\/strong><\/span><\/section>\n<\/div>\n<div class=\"col-lg-4 col-md-4 col-sm-4 col-xs-6\">\n<div class=\"irregular-main\">\n<div>\n<div class=\"tem40-text wow animated fadeInUp animated animated animated animated animated animated animated animated animated animated animated\">\n<div class=\"text description\">\n<section>La impresora de inyecci\u00f3n de tinta manual peque\u00f1a es adecuada para muchos tipos de materiales de embalaje, como papel aluminio, pel\u00edcula pl\u00e1stica, cart\u00f3n, madera, papel, no tejido, etc.<\/section>\n<\/div>\n<\/div>\n<\/div>\n<\/div>\n<\/div>\n\t\t\t<\/div>\n\t\t<\/div>\n\t<\/div>\n\t\n\t\t<\/div>\n\t\t\t<\/div>\n\n\t\n\n\t<div id=\"col-980079261\" class=\"col medium-4 small-12 large-4\"  >\n\t\t<div class=\"col-inner\"  >\n\t\t\t\n\t<div class=\"is-border\"\n\t\tstyle=\"border-color:rgb(255, 195, 0);border-radius:50px;border-width:2px 2px 2px 2;\">\n\t<\/div>\n\t\t\t\n\t<div class=\"box has-hover   has-hover box-text-bottom\" >\n\n\t\t<div class=\"box-image\" >\n\t\t\t\t\t\t<div class=\"\" >\n\t\t\t\t<img loading=\"lazy\" decoding=\"async\" width=\"800\" height=\"800\" src=\"https:\/\/www.cycjetes.com\/wp-content\/uploads\/2021\/09\/ICM-TIP-01-app-2.webp\" class=\"attachment- size-\" alt=\"\" srcset=\"https:\/\/www.cycjetes.com\/wp-content\/uploads\/2021\/09\/ICM-TIP-01-app-2.webp 800w, https:\/\/www.cycjetes.com\/wp-content\/uploads\/2021\/09\/ICM-TIP-01-app-2-300x300.webp 300w, https:\/\/www.cycjetes.com\/wp-content\/uploads\/2021\/09\/ICM-TIP-01-app-2-150x150.webp 150w, https:\/\/www.cycjetes.com\/wp-content\/uploads\/2021\/09\/ICM-TIP-01-app-2-768x768.webp 768w, https:\/\/www.cycjetes.com\/wp-content\/uploads\/2021\/09\/ICM-TIP-01-app-2-600x600.webp 600w, https:\/\/www.cycjetes.com\/wp-content\/uploads\/2021\/09\/ICM-TIP-01-app-2-100x100.webp 100w\" sizes=\"auto, (max-width: 800px) 100vw, 800px\" \/>\t\t\t\t\t\t\t\t\t\t\t<\/div>\n\t\t\t\t\t<\/div>\n\n\t\t<div class=\"box-text text-center\" >\n\t\t\t<div class=\"box-text-inner\">\n\t\t\t\t\n<div class=\"h3 font-color title\">\n<section><span style=\"color: #333399\">Caja de Cart\u00f3n<\/span><\/section>\n<\/div>\n<div class=\"col-lg-4 col-md-4 col-sm-4 col-xs-6\">\n<div class=\"irregular-main\">\n<div>\n<div class=\"tem40-text wow animated fadeInUp animated animated animated animated animated animated animated animated animated animated animated\">\n<div class=\"text description\">\n<section>La impresora port\u00e1til de inyecci\u00f3n de tinta se usa ampliamente en talleres, almacenes, log\u00edstica, etc. No solo puede imprimir informaci\u00f3n fija sino tambi\u00e9n c\u00f3digos QR variables, etc.<\/section>\n<\/div>\n<\/div>\n<\/div>\n<\/div>\n<\/div>\n\t\t\t<\/div>\n\t\t<\/div>\n\t<\/div>\n\t\n\t\t<\/div>\n\t\t\t<\/div>\n\n\t\n\n\t<div id=\"col-406008560\" class=\"col medium-4 small-12 large-4\"  >\n\t\t<div class=\"col-inner\"  >\n\t\t\t\n\t<div class=\"is-border\"\n\t\tstyle=\"border-color:rgb(255, 195, 0);border-radius:50px;border-width:2px 2px 2px 2;\">\n\t<\/div>\n\t\t\t\n\t<div class=\"box has-hover   has-hover box-text-bottom\" >\n\n\t\t<div class=\"box-image\" >\n\t\t\t\t\t\t<div class=\"\" >\n\t\t\t\t<img loading=\"lazy\" decoding=\"async\" width=\"800\" height=\"800\" src=\"https:\/\/www.cycjetes.com\/wp-content\/uploads\/2021\/09\/ICM-TIP-01-app-3.webp\" class=\"attachment- size-\" alt=\"\" srcset=\"https:\/\/www.cycjetes.com\/wp-content\/uploads\/2021\/09\/ICM-TIP-01-app-3.webp 800w, https:\/\/www.cycjetes.com\/wp-content\/uploads\/2021\/09\/ICM-TIP-01-app-3-300x300.webp 300w, https:\/\/www.cycjetes.com\/wp-content\/uploads\/2021\/09\/ICM-TIP-01-app-3-150x150.webp 150w, https:\/\/www.cycjetes.com\/wp-content\/uploads\/2021\/09\/ICM-TIP-01-app-3-768x768.webp 768w, https:\/\/www.cycjetes.com\/wp-content\/uploads\/2021\/09\/ICM-TIP-01-app-3-600x600.webp 600w, https:\/\/www.cycjetes.com\/wp-content\/uploads\/2021\/09\/ICM-TIP-01-app-3-100x100.webp 100w\" sizes=\"auto, (max-width: 800px) 100vw, 800px\" \/>\t\t\t\t\t\t\t\t\t\t\t<\/div>\n\t\t\t\t\t<\/div>\n\n\t\t<div class=\"box-text text-center\" >\n\t\t\t<div class=\"box-text-inner\">\n\t\t\t\t\n<div class=\"h3 font-color title\">\n<section><span style=\"color: #333399\">No tejido<\/span><\/section>\n<\/div>\n<div class=\"col-lg-4 col-md-4 col-sm-4 col-xs-6\">\n<div class=\"irregular-main\">\n<div>\n<div class=\"tem40-text wow animated fadeInUp animated animated animated animated animated animated animated animated animated animated animated\">\n<div class=\"text description\">\n<section>Se pueden elegir m\u00e1s de 20 fuentes diferentes. El c\u00f3digo UDI QR variable y c\u00f3digo de barras pueden cumplir con el requisito de prevenci\u00f3n contra la falsificaci\u00f3n de productos.<\/section>\n<\/div>\n<\/div>\n<\/div>\n<\/div>\n<\/div>\n\t\t\t<\/div>\n\t\t<\/div>\n\t<\/div>\n\t\n\t\t<\/div>\n\t\t\t<\/div>\n\n\t\n<\/div>\n<div class=\"row\"  id=\"row-1981354628\">\n\n\t<div id=\"col-901822844\" class=\"col small-12 large-12\"  >\n\t\t<div class=\"col-inner\"  >\n\t\t\t\n\t\t\t\n<div class=\"container section-title-container\" ><h2 class=\"section-title section-title-center\"><b><\/b><span class=\"section-title-main\" style=\"color:rgb(14, 24, 184);\">Especificaciones T\u00e9cnicas<\/span><b><\/b><\/h2><\/div>\n<div id=\"ueditor_1626412479901\">\n<div class=\"container\">\n<table>\n<tbody>\n<tr class=\"firstRow\">\n<td valign=\"top\" width=\"216\">Altura de Impresi\u00f3n<\/td>\n<td valign=\"top\" width=\"864\">2-12.7mm\/25.4mm<\/td>\n<\/tr>\n<tr>\n<td valign=\"top\" width=\"216\">Espaciado de Impresi\u00f3n<\/td>\n<td valign=\"top\" width=\"864\">3mm, sujeto al contenido impreso y tipo de tinta<\/td>\n<\/tr>\n<tr>\n<td valign=\"top\" width=\"216\">L\u00edneas de Impresi\u00f3n<\/td>\n<td valign=\"top\" width=\"864\">Las l\u00edneas son ilimitadas dentro de la altura m\u00e1xima de 12.7\/25.4mm.<\/td>\n<\/tr>\n<tr>\n<td valign=\"top\" width=\"216\">Ancho de Impresi\u00f3n<\/td>\n<td valign=\"top\" width=\"864\">80mm<\/td>\n<\/tr>\n<tr>\n<td valign=\"top\" width=\"216\">Resoluci\u00f3n de Impresi\u00f3n<\/td>\n<td valign=\"top\" width=\"864\">Resoluci\u00f3n vertical es 300DPI; resoluci\u00f3n en direcci\u00f3n cruzada 600DPI ajustable<\/td>\n<\/tr>\n<tr>\n<td valign=\"top\" width=\"216\">Fuentes de Impresi\u00f3n<\/td>\n<td valign=\"top\" width=\"864\">Fuentes variadas incorporadas, barra horizontal, barra vertical, matriz de puntos, fuente en negrita pueden cambiarse libremente.<\/td>\n<\/tr>\n<tr>\n<td valign=\"top\" width=\"216\">Contenido de Impresi\u00f3n<\/td>\n<td valign=\"top\" width=\"864\">Fecha real, tiempo real, foto, texto, grupo de turno, n\u00famero de serie, n\u00famero de lote, c\u00f3digo de barras y c\u00f3digo 2D pueden imprimirse libremente.<\/td>\n<\/tr>\n<tr>\n<td valign=\"top\" width=\"216\">Direcci\u00f3n de Impresi\u00f3n<\/td>\n<td valign=\"top\" width=\"864\">Impresi\u00f3n hacia arriba, hacia abajo, lateral (impresi\u00f3n en 360\u00b0)<\/td>\n<\/tr>\n<tr>\n<td valign=\"top\" width=\"216\">Biblioteca de Fuentes<\/td>\n<td valign=\"top\" width=\"864\">El software est\u00e1 dise\u00f1ado en m\u00faltiples idiomas incluyendo chino, ingl\u00e9s, ruso, \u00e1rabe, coreano, espa\u00f1ol, japon\u00e9s. Puedes cambiar y elegir tu idioma.<\/td>\n<\/tr>\n<tr>\n<td colspan=\"1\" rowspan=\"1\" valign=\"top\" width=\"216\">Interfaces de Operaci\u00f3n<\/td>\n<td colspan=\"1\" rowspan=\"1\" valign=\"top\" width=\"324\">Men\u00fa estilo imagen en chino o ingl\u00e9s (espa\u00f1ol, portugu\u00e9s, \u00e1rabe), lo que ves es lo que obtienes.<\/td>\n<\/tr>\n<tr>\n<td colspan=\"1\" rowspan=\"1\" valign=\"top\" width=\"216\">Funci\u00f3n de Memoria<\/td>\n<td colspan=\"1\" rowspan=\"1\" valign=\"top\" width=\"324\">Se pueden almacenar m\u00e1s de 1000 textos<\/td>\n<\/tr>\n<tr>\n<td colspan=\"1\" rowspan=\"1\" valign=\"top\" width=\"216\">Pantalla<\/td>\n<td colspan=\"1\" rowspan=\"1\" valign=\"top\" width=\"324\">Pantalla t\u00e1ctil a color de 4.3\u201d<\/td>\n<\/tr>\n<tr>\n<td colspan=\"1\" rowspan=\"1\" valign=\"top\" width=\"216\">Tipo de Tinta<\/td>\n<td colspan=\"1\" rowspan=\"1\" valign=\"top\" width=\"324\">Base solvente, base agua, UV<\/td>\n<\/tr>\n<tr>\n<td colspan=\"1\" rowspan=\"1\" valign=\"top\" width=\"216\">Color de Tinta<\/td>\n<td colspan=\"1\" rowspan=\"1\" valign=\"top\" width=\"324\">Negro, rojo, amarillo, azul, verde, blanco, etc.<\/td>\n<\/tr>\n<tr>\n<td colspan=\"1\" rowspan=\"1\" valign=\"top\" width=\"216\">Peso y Dimensiones de la M\u00e1quina<\/td>\n<td colspan=\"1\" rowspan=\"1\" valign=\"top\" width=\"324\">800g<\/p>\n<p>20*15*250px<\/td>\n<\/tr>\n<tr>\n<td colspan=\"1\" rowspan=\"1\" valign=\"top\" width=\"216\">Bater\u00edas Recargables<\/td>\n<td colspan=\"1\" rowspan=\"1\" valign=\"top\" width=\"324\">Nueva bater\u00eda en espera alrededor de 8 horas; tiempo de impresi\u00f3n aproximadamente 7 horas;<\/td>\n<\/tr>\n<tr>\n<td colspan=\"1\" rowspan=\"1\" valign=\"top\" width=\"216\">Fuente de Poder<\/td>\n<td colspan=\"1\" rowspan=\"1\" valign=\"top\" width=\"324\">Entrada cargador AC100V-240V, 50-60Hz, salida DC 12.6V<\/td>\n<\/tr>\n<tr>\n<td colspan=\"1\" rowspan=\"1\" valign=\"top\" width=\"216\">Rango de Humedad y Temperatura<\/td>\n<td colspan=\"1\" rowspan=\"1\" valign=\"top\" width=\"324\">10-90% sin condensaci\u00f3n<\/p>\n<p>5-40\u00b0C<\/td>\n<\/tr>\n<tr>\n<td colspan=\"1\" rowspan=\"1\" valign=\"top\" width=\"216\">Interfaz Externa<\/td>\n<td colspan=\"1\" rowspan=\"1\" valign=\"top\" width=\"324\">Interfaz USB, sincronizador.<\/td>\n<\/tr>\n<tr>\n<td valign=\"top\" width=\"216\">Otros<\/td>\n<td valign=\"top\" width=\"864\">No necesita conexi\u00f3n de aire comprimido externo, ni diluyente (es decir, solvente)<\/td>\n<\/tr>\n<\/tbody>\n<\/table>\n<\/div>\n<\/div>\n\t\t<\/div>\n\t\t\t<\/div>\n\n\t\n<\/div>\n","protected":false},"excerpt":{"rendered":"<table style=\"font-size: 14. 4px\">\n<tbody>\n<tr>\n<td width=\"176\"><strong>Modelo:<\/strong><\/td>\n<td width=\"182\">Smart III<\/td>\n<\/tr>\n<tr>\n<td width=\"176\"><strong>Marca: <\/strong><\/td>\n<td width=\"182\">CYCJET<\/td>\n<\/tr>\n<tr>\n<td width=\"176\"><strong>MOQ<\/strong>:<\/td>\n<td width=\"182\">1 Set<\/td>\n<\/tr>\n<tr>\n<td width=\"176\"><strong>Certificaci\u00f3n: <\/strong><\/td>\n<td width=\"182\">CE, SGS, FDA<\/td>\n<\/tr>\n<tr>\n<td width=\"176\"><strong>Pago: <\/strong><\/td>\n<td width=\"182\">T \/ T, L \/ C, Western Union, Paypal<\/td>\n<\/tr>\n<tr>\n<td width=\"176\"><strong>Garant\u00eda:<\/strong><\/td>\n<td width=\"182\">1A\u00f1o<\/td>\n<\/tr>\n<\/tbody>\n<\/table>\n","protected":false},"featured_media":457,"comment_status":"closed","ping_status":"closed","template":"","meta":[],"product_brand":[],"product_cat":[19,20],"product_tag":[],"class_list":{"0":"post-115","1":"product","2":"type-product","3":"status-publish","4":"has-post-thumbnail","6":"product_cat-inkjet-coding-machines","7":"product_cat-tij-inkjet-printer","9":"first","10":"instock","11":"shipping-taxable","12":"product-type-simple"},"yoast_head":"<!-- This site is optimized with the Yoast SEO plugin v25.2 - https:\/\/yoast.com\/wordpress\/plugins\/seo\/ -->\n<title>Impresora de inyecci\u00f3n de tinta CYCJET Smart III Small Hand Stamp - CYCJET<\/title>\n<meta name=\"robots\" content=\"index, follow, max-snippet:-1, max-image-preview:large, max-video-preview:-1\" \/>\n<link rel=\"canonical\" href=\"https:\/\/www.cycjetes.com\/?product=cycjet-smart-iii-small-hand-stamp-inkjet-printer\" \/>\n<meta property=\"og:locale\" content=\"en_US\" \/>\n<meta property=\"og:type\" content=\"article\" \/>\n<meta property=\"og:title\" content=\"Impresora de inyecci\u00f3n de tinta CYCJET Smart III Small Hand Stamp - CYCJET\" \/>\n<meta property=\"og:description\" content=\"Modelo: Smart III   Marca:  CYCJET   MOQ: 1 Set   Certificaci\u00f3n:  CE, SGS, FDA   Pago:  T \/ T, L \/ C, Western Union, Paypal   Garant\u00eda: 1A\u00f1o\" \/>\n<meta property=\"og:url\" content=\"https:\/\/www.cycjetes.com\/?product=cycjet-smart-iii-small-hand-stamp-inkjet-printer\" \/>\n<meta property=\"og:site_name\" content=\"CYCJET\" \/>\n<meta property=\"article:modified_time\" content=\"2025-06-06T09:09:20+00:00\" \/>\n<meta property=\"og:image\" content=\"https:\/\/www.cycjetes.com\/wp-content\/uploads\/2021\/08\/16264015231572.jpg\" \/>\n\t<meta property=\"og:image:width\" content=\"800\" \/>\n\t<meta property=\"og:image:height\" content=\"800\" \/>\n\t<meta property=\"og:image:type\" content=\"image\/jpeg\" \/>\n<meta name=\"twitter:card\" content=\"summary_large_image\" \/>\n<script type=\"application\/ld+json\" class=\"yoast-schema-graph\">{\"@context\":\"https:\/\/schema.org\",\"@graph\":[{\"@type\":\"WebPage\",\"@id\":\"https:\/\/www.cycjetes.com\/?product=cycjet-smart-iii-small-hand-stamp-inkjet-printer\",\"url\":\"https:\/\/www.cycjetes.com\/?product=cycjet-smart-iii-small-hand-stamp-inkjet-printer\",\"name\":\"Impresora de inyecci\u00f3n de tinta CYCJET Smart III Small Hand Stamp - CYCJET\",\"isPartOf\":{\"@id\":\"https:\/\/www.cycjetes.com\/#website\"},\"primaryImageOfPage\":{\"@id\":\"https:\/\/www.cycjetes.com\/?product=cycjet-smart-iii-small-hand-stamp-inkjet-printer#primaryimage\"},\"image\":{\"@id\":\"https:\/\/www.cycjetes.com\/?product=cycjet-smart-iii-small-hand-stamp-inkjet-printer#primaryimage\"},\"thumbnailUrl\":\"https:\/\/www.cycjetes.com\/wp-content\/uploads\/2021\/08\/16264015231572.jpg\",\"datePublished\":\"2021-08-09T07:20:02+00:00\",\"dateModified\":\"2025-06-06T09:09:20+00:00\",\"breadcrumb\":{\"@id\":\"https:\/\/www.cycjetes.com\/?product=cycjet-smart-iii-small-hand-stamp-inkjet-printer#breadcrumb\"},\"inLanguage\":\"en-US\",\"potentialAction\":[{\"@type\":\"ReadAction\",\"target\":[\"https:\/\/www.cycjetes.com\/?product=cycjet-smart-iii-small-hand-stamp-inkjet-printer\"]}]},{\"@type\":\"ImageObject\",\"inLanguage\":\"en-US\",\"@id\":\"https:\/\/www.cycjetes.com\/?product=cycjet-smart-iii-small-hand-stamp-inkjet-printer#primaryimage\",\"url\":\"https:\/\/www.cycjetes.com\/wp-content\/uploads\/2021\/08\/16264015231572.jpg\",\"contentUrl\":\"https:\/\/www.cycjetes.com\/wp-content\/uploads\/2021\/08\/16264015231572.jpg\",\"width\":800,\"height\":800},{\"@type\":\"BreadcrumbList\",\"@id\":\"https:\/\/www.cycjetes.com\/?product=cycjet-smart-iii-small-hand-stamp-inkjet-printer#breadcrumb\",\"itemListElement\":[{\"@type\":\"ListItem\",\"position\":1,\"name\":\"Home\",\"item\":\"https:\/\/www.cycjetes.com\/\"},{\"@type\":\"ListItem\",\"position\":2,\"name\":\"Products\",\"item\":\"https:\/\/www.cycjetes.com\/?page_id=7\"},{\"@type\":\"ListItem\",\"position\":3,\"name\":\"Impresora de inyecci\u00f3n de tinta CYCJET Smart III Small Hand Stamp\"}]},{\"@type\":\"WebSite\",\"@id\":\"https:\/\/www.cycjetes.com\/#website\",\"url\":\"https:\/\/www.cycjetes.com\/\",\"name\":\"CYCJET\",\"description\":\"\",\"potentialAction\":[{\"@type\":\"SearchAction\",\"target\":{\"@type\":\"EntryPoint\",\"urlTemplate\":\"https:\/\/www.cycjetes.com\/?s={search_term_string}\"},\"query-input\":{\"@type\":\"PropertyValueSpecification\",\"valueRequired\":true,\"valueName\":\"search_term_string\"}}],\"inLanguage\":\"en-US\"}]}<\/script>\n<!-- \/ Yoast SEO plugin. -->","yoast_head_json":{"title":"Impresora de inyecci\u00f3n de tinta CYCJET Smart III Small Hand Stamp - CYCJET","robots":{"index":"index","follow":"follow","max-snippet":"max-snippet:-1","max-image-preview":"max-image-preview:large","max-video-preview":"max-video-preview:-1"},"canonical":"https:\/\/www.cycjetes.com\/?product=cycjet-smart-iii-small-hand-stamp-inkjet-printer","og_locale":"en_US","og_type":"article","og_title":"Impresora de inyecci\u00f3n de tinta CYCJET Smart III Small Hand Stamp - CYCJET","og_description":"Modelo: Smart III   Marca:  CYCJET   MOQ: 1 Set   Certificaci\u00f3n:  CE, SGS, FDA   Pago:  T \/ T, L \/ C, Western Union, Paypal   Garant\u00eda: 1A\u00f1o","og_url":"https:\/\/www.cycjetes.com\/?product=cycjet-smart-iii-small-hand-stamp-inkjet-printer","og_site_name":"CYCJET","article_modified_time":"2025-06-06T09:09:20+00:00","og_image":[{"width":800,"height":800,"url":"https:\/\/www.cycjetes.com\/wp-content\/uploads\/2021\/08\/16264015231572.jpg","type":"image\/jpeg"}],"twitter_card":"summary_large_image","schema":{"@context":"https:\/\/schema.org","@graph":[{"@type":"WebPage","@id":"https:\/\/www.cycjetes.com\/?product=cycjet-smart-iii-small-hand-stamp-inkjet-printer","url":"https:\/\/www.cycjetes.com\/?product=cycjet-smart-iii-small-hand-stamp-inkjet-printer","name":"Impresora de inyecci\u00f3n de tinta CYCJET Smart III Small Hand Stamp - CYCJET","isPartOf":{"@id":"https:\/\/www.cycjetes.com\/#website"},"primaryImageOfPage":{"@id":"https:\/\/www.cycjetes.com\/?product=cycjet-smart-iii-small-hand-stamp-inkjet-printer#primaryimage"},"image":{"@id":"https:\/\/www.cycjetes.com\/?product=cycjet-smart-iii-small-hand-stamp-inkjet-printer#primaryimage"},"thumbnailUrl":"https:\/\/www.cycjetes.com\/wp-content\/uploads\/2021\/08\/16264015231572.jpg","datePublished":"2021-08-09T07:20:02+00:00","dateModified":"2025-06-06T09:09:20+00:00","breadcrumb":{"@id":"https:\/\/www.cycjetes.com\/?product=cycjet-smart-iii-small-hand-stamp-inkjet-printer#breadcrumb"},"inLanguage":"en-US","potentialAction":[{"@type":"ReadAction","target":["https:\/\/www.cycjetes.com\/?product=cycjet-smart-iii-small-hand-stamp-inkjet-printer"]}]},{"@type":"ImageObject","inLanguage":"en-US","@id":"https:\/\/www.cycjetes.com\/?product=cycjet-smart-iii-small-hand-stamp-inkjet-printer#primaryimage","url":"https:\/\/www.cycjetes.com\/wp-content\/uploads\/2021\/08\/16264015231572.jpg","contentUrl":"https:\/\/www.cycjetes.com\/wp-content\/uploads\/2021\/08\/16264015231572.jpg","width":800,"height":800},{"@type":"BreadcrumbList","@id":"https:\/\/www.cycjetes.com\/?product=cycjet-smart-iii-small-hand-stamp-inkjet-printer#breadcrumb","itemListElement":[{"@type":"ListItem","position":1,"name":"Home","item":"https:\/\/www.cycjetes.com\/"},{"@type":"ListItem","position":2,"name":"Products","item":"https:\/\/www.cycjetes.com\/?page_id=7"},{"@type":"ListItem","position":3,"name":"Impresora de inyecci\u00f3n de tinta CYCJET Smart III Small Hand Stamp"}]},{"@type":"WebSite","@id":"https:\/\/www.cycjetes.com\/#website","url":"https:\/\/www.cycjetes.com\/","name":"CYCJET","description":"","potentialAction":[{"@type":"SearchAction","target":{"@type":"EntryPoint","urlTemplate":"https:\/\/www.cycjetes.com\/?s={search_term_string}"},"query-input":{"@type":"PropertyValueSpecification","valueRequired":true,"valueName":"search_term_string"}}],"inLanguage":"en-US"}]}},"_links":{"self":[{"href":"https:\/\/www.cycjetes.com\/index.php?rest_route=\/wp\/v2\/product\/115","targetHints":{"allow":["GET"]}}],"collection":[{"href":"https:\/\/www.cycjetes.com\/index.php?rest_route=\/wp\/v2\/product"}],"about":[{"href":"https:\/\/www.cycjetes.com\/index.php?rest_route=\/wp\/v2\/types\/product"}],"replies":[{"embeddable":true,"href":"https:\/\/www.cycjetes.com\/index.php?rest_route=%2Fwp%2Fv2%2Fcomments&post=115"}],"wp:featuredmedia":[{"embeddable":true,"href":"https:\/\/www.cycjetes.com\/index.php?rest_route=\/wp\/v2\/media\/457"}],"wp:attachment":[{"href":"https:\/\/www.cycjetes.com\/index.php?rest_route=%2Fwp%2Fv2%2Fmedia&parent=115"}],"wp:term":[{"taxonomy":"product_brand","embeddable":true,"href":"https:\/\/www.cycjetes.com\/index.php?rest_route=%2Fwp%2Fv2%2Fproduct_brand&post=115"},{"taxonomy":"product_cat","embeddable":true,"href":"https:\/\/www.cycjetes.com\/index.php?rest_route=%2Fwp%2Fv2%2Fproduct_cat&post=115"},{"taxonomy":"product_tag","embeddable":true,"href":"https:\/\/www.cycjetes.com\/index.php?rest_route=%2Fwp%2Fv2%2Fproduct_tag&post=115"}],"curies":[{"name":"wp","href":"https:\/\/api.w.org\/{rel}","templated":true}]}}