{"id":103,"date":"2021-08-09T06:38:33","date_gmt":"2021-08-09T06:38:33","guid":{"rendered":"https:\/\/spcycjet.tradeoptimize-clients.com\/?post_type=product&#038;p=103"},"modified":"2026-01-22T06:50:50","modified_gmt":"2026-01-22T06:50:50","slug":"cycjet-lg5f-high-speed-green-flying-laser-printer","status":"publish","type":"product","link":"https:\/\/www.cycjetes.com\/?product=cycjet-lg5f-high-speed-green-flying-laser-printer","title":{"rendered":"Impresora l\u00e1ser verde voladora de alta velocidad CYCJET LG5F"},"content":{"rendered":"<div class=\"row row-full-width\"  id=\"row-1625834451\">\n\n\t<div id=\"col-356899893\" class=\"col medium-6 small-12 large-6\"  data-animate=\"fadeInLeft\">\n\t\t<div class=\"col-inner\"  >\n\t\t\t\n\t\t\t\n<div class=\"tem378-irregular noScrollMove bgFixed clearBg\">\n<div class=\"content-right content-section noScrollMove tem44-irregular\">\n<div class=\"container\">\n<div class=\"row\">\n<div class=\"flexBoxStem irregular-item\">\n<div class=\"flexBoxFill col-lg-9 col-md-9 col-sm-9 col-xs-12 content-float\">\n<div>\n<div class=\"tem06-irregular-text wow animated fadeInUp animated animated animated animated animated animated animated animated animated animated animated animated animated animated animated animated animated animated animated animated animated animated animated animated animated animated animated animated animated animated animated\">\n<div class=\"h2 bg-color-after font-color-gray-level-3 title\">\n<section>\n<h3><span style=\"color: #333399;\"><strong>DESCRIPCI\u00d3N DEL PRODUCTO<\/strong><\/span><\/h3>\n<\/section>\n<\/div>\n<div class=\"text description\">\n<section>El marcado l\u00e1ser verde incluye una fuente l\u00e1ser que puede emitir un l\u00e1ser con longitud de onda de 532nm, el haz l\u00e1ser de di\u00e1metro peque\u00f1o puede obtener un buen contraste de color en la superficie. Puede marcar materiales que son insensibles o no responden al l\u00e1ser de longitud de onda infrarroja (Fibra, CO2), incluyendo pl\u00e1stico y metales altamente reflectantes. Y el haz l\u00e1ser no da\u00f1ar\u00e1 la superficie. La m\u00e1quina de codificaci\u00f3n l\u00e1ser verde combina fuente l\u00e1ser verde, esc\u00e1ner de alta velocidad, controlador industrial, etc. La fuente l\u00e1ser principal utiliza dispositivos optoelectr\u00f3nicos de primera calidad internacional para asegurar su larga vida \u00fatil, aleaci\u00f3n de aluminio de alta calidad y sellado adecuado para minimizar las fluctuaciones de potencia causadas por deformaciones, desalineaciones y otros problemas, garantizando una alta estabilidad a largo plazo. La m\u00e1quina de marcado l\u00e1ser verde de alta potencia puede satisfacer muchas aplicaciones nuevas que el l\u00e1ser de baja potencia no puede lograr. Por ejemplo: codificaci\u00f3n en l\u00ednea de alta velocidad, grabado interior en vidrio y pl\u00e1stico, limpieza de piezas electr\u00f3nicas, corte de PCB, marcado de PCB, perforaci\u00f3n..<\/section>\n<\/div>\n<\/div>\n<\/div>\n<\/div>\n<\/div>\n<\/div>\n<\/div>\n<\/div>\n<\/div>\n\t\t<\/div>\n\t\t\t<\/div>\n\n\t\n\n\t<div id=\"col-742732446\" class=\"col medium-6 small-12 large-6\"  data-animate=\"fadeInRight\">\n\t\t<div class=\"col-inner\"  >\n\t\t\t\n\t\t\t\n\t<div class=\"img has-hover x md-x lg-x y md-y lg-y\" id=\"image_2065646092\">\n\t\t\t\t\t\t\t\t<div class=\"img-inner dark\" >\n\t\t\t<img loading=\"lazy\" decoding=\"async\" width=\"750\" height=\"564\" src=\"https:\/\/www.cycjetes.com\/wp-content\/uploads\/2021\/09\/LMM-FLMM-08.webp\" class=\"attachment-large size-large\" alt=\"\" srcset=\"https:\/\/www.cycjetes.com\/wp-content\/uploads\/2021\/09\/LMM-FLMM-08.webp 750w, https:\/\/www.cycjetes.com\/wp-content\/uploads\/2021\/09\/LMM-FLMM-08-300x226.webp 300w, https:\/\/www.cycjetes.com\/wp-content\/uploads\/2021\/09\/LMM-FLMM-08-600x451.webp 600w\" sizes=\"auto, (max-width: 750px) 100vw, 750px\" \/>\t\t\t\t\t\t\n\t\t\t\t\t<\/div>\n\t\t\t\t\t\t\t\t\n<style>\n#image_2065646092 {\n  width: 100%;\n}\n<\/style>\n\t<\/div>\n\t\n\t\t<\/div>\n\t\t\t<\/div>\n\n\t\n<\/div>\n<div class=\"row row-full-width\"  id=\"row-738151902\">\n\n\t<div id=\"col-927628608\" class=\"col small-12 large-12\"  >\n\t\t<div class=\"col-inner\"  >\n\t\t\t\n\t\t\t\n<div class=\"container section-title-container\" ><h2 class=\"section-title section-title-center\"><b><\/b><span class=\"section-title-main\" style=\"color:rgb(14, 24, 184);\">APLICACIONES<\/span><b><\/b><\/h2><\/div>\n\t\t<\/div>\n\t\t\t<\/div>\n\n\t\n\n\t<div id=\"col-2038638411\" class=\"col medium-4 small-12 large-4\"  >\n\t\t<div class=\"col-inner\"  >\n\t\t\t\n\t<div class=\"is-border\"\n\t\tstyle=\"border-color:rgb(255, 195, 0);border-radius:50px;border-width:2px 2px 2px 2;\">\n\t<\/div>\n\t\t\t\n\t<div class=\"box has-hover   has-hover box-text-bottom\" >\n\n\t\t<div class=\"box-image\" >\n\t\t\t\t\t\t<div class=\"\" >\n\t\t\t\t<img loading=\"lazy\" decoding=\"async\" width=\"750\" height=\"480\" src=\"https:\/\/www.cycjetes.com\/wp-content\/uploads\/2021\/09\/LMM-FLMM-08-app-1.webp\" class=\"attachment- size-\" alt=\"\" srcset=\"https:\/\/www.cycjetes.com\/wp-content\/uploads\/2021\/09\/LMM-FLMM-08-app-1.webp 750w, https:\/\/www.cycjetes.com\/wp-content\/uploads\/2021\/09\/LMM-FLMM-08-app-1-300x192.webp 300w, https:\/\/www.cycjetes.com\/wp-content\/uploads\/2021\/09\/LMM-FLMM-08-app-1-600x384.webp 600w\" sizes=\"auto, (max-width: 750px) 100vw, 750px\" \/>\t\t\t\t\t\t\t\t\t\t\t<\/div>\n\t\t\t\t\t<\/div>\n\n\t\t<div class=\"box-text text-center\" >\n\t\t\t<div class=\"box-text-inner\">\n\t\t\t\t\n<div class=\"text\">\n<h4 class=\"title\"><span style=\"color: #333399;\"><strong>Industria Electr\u00f3nica de Consumo<\/strong><\/span><\/h4>\n<div class=\"text\">\n<div class=\"description\">La impresora l\u00e1ser verde puede marcar todo tipo de mensajes en la superficie de piezas electr\u00f3nicas f\u00e1cilmente, por ejemplo cargadores, cables USB, piezas de pl\u00e1stico, PCB, etc. El resultado del marcado es mejor que con m\u00e1quinas de marcado l\u00e1ser CO2 y fibra, porque el l\u00e1ser verde no da\u00f1a la superficie.<\/div>\n<\/div>\n<\/div>\n\t\t\t<\/div>\n\t\t<\/div>\n\t<\/div>\n\t\n\t\t<\/div>\n\t\t\t<\/div>\n\n\t\n\n\t<div id=\"col-1932874471\" class=\"col medium-4 small-12 large-4\"  >\n\t\t<div class=\"col-inner\"  >\n\t\t\t\n\t<div class=\"is-border\"\n\t\tstyle=\"border-color:rgb(255, 195, 0);border-radius:50px;border-width:2px 2px 2px 2;\">\n\t<\/div>\n\t\t\t\n\t<div class=\"box has-hover   has-hover box-text-bottom\" >\n\n\t\t<div class=\"box-image\" >\n\t\t\t\t\t\t<div class=\"\" >\n\t\t\t\t<img loading=\"lazy\" decoding=\"async\" width=\"750\" height=\"480\" src=\"https:\/\/www.cycjetes.com\/wp-content\/uploads\/2021\/09\/LMM-FLMM-08-app-2.webp\" class=\"attachment- size-\" alt=\"\" srcset=\"https:\/\/www.cycjetes.com\/wp-content\/uploads\/2021\/09\/LMM-FLMM-08-app-2.webp 750w, https:\/\/www.cycjetes.com\/wp-content\/uploads\/2021\/09\/LMM-FLMM-08-app-2-300x192.webp 300w, https:\/\/www.cycjetes.com\/wp-content\/uploads\/2021\/09\/LMM-FLMM-08-app-2-600x384.webp 600w\" sizes=\"auto, (max-width: 750px) 100vw, 750px\" \/>\t\t\t\t\t\t\t\t\t\t\t<\/div>\n\t\t\t\t\t<\/div>\n\n\t\t<div class=\"box-text text-center\" >\n\t\t\t<div class=\"box-text-inner\">\n\t\t\t\t\n<div class=\"text\">\n<h4 class=\"title\"><span style=\"color: #333399;\"><strong>Superficie de vidrio y grabado interior<\/strong><\/span><\/h4>\n<div class=\"text\">\n<div class=\"description\">Las m\u00e1quinas de codificaci\u00f3n l\u00e1ser verde se utilizan ampliamente en la industria del vidrio, como en vinos y cervezas. El haz l\u00e1ser verde puede atravesar la superficie del vidrio y grabar mensajes en su interior; con esta funci\u00f3n, las compa\u00f1\u00edas de vino y cerveza pueden marcar iconos especiales para evitar la copia por parte de competidores. Esto protege los beneficios de la empresa y garantiza al cliente el mejor producto.<\/div>\n<\/div>\n<\/div>\n\t\t\t<\/div>\n\t\t<\/div>\n\t<\/div>\n\t\n\t\t<\/div>\n\t\t\t<\/div>\n\n\t\n\n\t<div id=\"col-1262137339\" class=\"col medium-4 small-12 large-4\"  >\n\t\t<div class=\"col-inner\"  >\n\t\t\t\n\t<div class=\"is-border\"\n\t\tstyle=\"border-color:rgb(255, 195, 0);border-radius:50px;border-width:2px 2px 2px 2;\">\n\t<\/div>\n\t\t\t\n\t<div class=\"box has-hover   has-hover box-text-bottom\" >\n\n\t\t<div class=\"box-image\" >\n\t\t\t\t\t\t<div class=\"\" >\n\t\t\t\t<img loading=\"lazy\" decoding=\"async\" width=\"800\" height=\"800\" src=\"https:\/\/www.cycjetes.com\/wp-content\/uploads\/2021\/09\/LMM-LCM-01-app-1.webp\" class=\"attachment- size-\" alt=\"\" srcset=\"https:\/\/www.cycjetes.com\/wp-content\/uploads\/2021\/09\/LMM-LCM-01-app-1.webp 800w, https:\/\/www.cycjetes.com\/wp-content\/uploads\/2021\/09\/LMM-LCM-01-app-1-300x300.webp 300w, https:\/\/www.cycjetes.com\/wp-content\/uploads\/2021\/09\/LMM-LCM-01-app-1-150x150.webp 150w, https:\/\/www.cycjetes.com\/wp-content\/uploads\/2021\/09\/LMM-LCM-01-app-1-768x768.webp 768w, https:\/\/www.cycjetes.com\/wp-content\/uploads\/2021\/09\/LMM-LCM-01-app-1-600x600.webp 600w, https:\/\/www.cycjetes.com\/wp-content\/uploads\/2021\/09\/LMM-LCM-01-app-1-100x100.webp 100w\" sizes=\"auto, (max-width: 800px) 100vw, 800px\" \/>\t\t\t\t\t\t\t\t\t\t\t<\/div>\n\t\t\t\t\t<\/div>\n\n\t\t<div class=\"box-text text-center\" >\n\t\t\t<div class=\"box-text-inner\">\n\t\t\t\t\n<div class=\"text\">\n<h4 class=\"title\"><span style=\"color: #333399;\"><strong>Extrusi\u00f3n de tuber\u00edas de pl\u00e1stico<\/strong><\/span><\/h4>\n<div class=\"text\">\n<div class=\"description\">Normalmente, los l\u00e1seres de fibra y CO2 no pueden lograr un marcado de buena calidad en tuber\u00edas de PR y PPR de colores. Debido a la longitud de onda del l\u00e1ser y otros aspectos, la impresora l\u00e1ser verde puede obtener un marcado perfecto en estos materiales, que reaccionan sensiblemente tras el quemado con luz.<\/div>\n<\/div>\n<\/div>\n\t\t\t<\/div>\n\t\t<\/div>\n\t<\/div>\n\t\n\t\t<\/div>\n\t\t\t<\/div>\n\n\t\n<\/div>\n<div class=\"row\"  id=\"row-1926382046\">\n\n\t<div id=\"col-800232832\" class=\"col small-12 large-12\"  >\n\t\t<div class=\"col-inner\"  >\n\t\t\t\n\t\t\t\n<div class=\"container section-title-container\" ><h2 class=\"section-title section-title-center\"><b><\/b><span class=\"section-title-main\" style=\"color:rgb(14, 24, 184);\">Especificaciones T\u00e9cnicas<\/span><b><\/b><\/h2><\/div>\n<div class=\"tem378-irregular noScrollMove bgFixed clearBg\">\n<div id=\"ueditor_1570853873255\" class=\"noScrollMove\">\n<div class=\"container\">\n<div class=\"table-responsive\">\n<table class=\"table table-bordered table-hover\" data-sort=\"sortDisabled\">\n<tbody>\n<tr class=\"firstRow\">\n<td colspan=\"2\" valign=\"center\" width=\"336\">Modelo<\/td>\n<td colspan=\"2\" valign=\"center\" width=\"922\">Impresora L\u00e1ser Voladora Serie LG<\/td>\n<\/tr>\n<tr>\n<td colspan=\"2\" rowspan=\"9\" align=\"left\" valign=\"middle\">RENDIMIENTO<\/td>\n<td valign=\"center\" width=\"234\">Material del Marco<\/td>\n<td valign=\"center\" width=\"668\">ALUMINIO<\/td>\n<\/tr>\n<tr>\n<td valign=\"center\" width=\"234\">Dispositivo L\u00e1ser<\/td>\n<td valign=\"center\" width=\"668\">L\u00e1ser Verde<\/td>\n<\/tr>\n<tr>\n<td valign=\"center\" width=\"234\">Potencia<\/td>\n<td valign=\"center\" width=\"668\">\u22655W<\/td>\n<\/tr>\n<tr>\n<td valign=\"center\" width=\"234\">Longitud de onda l\u00e1ser<\/td>\n<td valign=\"center\" width=\"668\">532nm<\/td>\n<\/tr>\n<tr>\n<td valign=\"center\" width=\"234\">Deflexi\u00f3n del galvan\u00f3metro<\/td>\n<td valign=\"center\" width=\"668\">Sistema de escaneo dimensional dual de alta precisi\u00f3n<\/td>\n<\/tr>\n<tr>\n<td valign=\"center\" width=\"234\">Velocidad de marcado<\/td>\n<td valign=\"center\" width=\"668\">\u226412000mm\/s<\/td>\n<\/tr>\n<tr>\n<td valign=\"center\" width=\"234\">Control maestro<\/td>\n<td valign=\"center\" width=\"668\">Placa altamente integrada con pantalla t\u00e1ctil a color de 10 pulgadas<\/td>\n<\/tr>\n<tr>\n<td valign=\"center\" width=\"234\">Sistema operativo<\/td>\n<td valign=\"center\" width=\"668\">Basado en LINUX con software de marcado de tuber\u00edas de alta velocidad<\/td>\n<\/tr>\n<tr>\n<td valign=\"center\" width=\"234\">Refrigeraci\u00f3n<\/td>\n<td valign=\"center\" width=\"668\">Sistema de refrigeraci\u00f3n por aire de alta capacidad<\/td>\n<\/tr>\n<tr>\n<td colspan=\"2\" rowspan=\"10\" align=\"left\" valign=\"middle\">Especificaciones de marcado<\/td>\n<td valign=\"center\" width=\"234\">Distancia de enfoque<\/td>\n<td valign=\"center\" width=\"668\">Enfoque 200mm<\/td>\n<\/tr>\n<tr>\n<td valign=\"center\" width=\"234\">Tipo de l\u00ednea de marcado<\/td>\n<td valign=\"center\" width=\"668\">Matriz de puntos, negrita, vector todo en uno (matriz de puntos y vector)<\/td>\n<\/tr>\n<tr>\n<td valign=\"center\" width=\"234\">Ancho m\u00ednimo de l\u00ednea<\/td>\n<td valign=\"center\" width=\"668\">0.01mm<\/td>\n<\/tr>\n<tr>\n<td valign=\"center\" width=\"234\">Posicionamiento preciso repetible<\/td>\n<td valign=\"center\" width=\"668\">0.003mm<\/td>\n<\/tr>\n<tr>\n<td valign=\"center\" width=\"234\">\u00c1rea de marcado<\/td>\n<td valign=\"center\" width=\"668\">Est\u00e1ndar 110mm\u00d7110mm (personalizable disponible)<\/td>\n<\/tr>\n<tr>\n<td valign=\"center\" width=\"234\">Altura de marcado<\/td>\n<td valign=\"center\" width=\"668\">Altura est\u00e1ndar del car\u00e1cter 110mm<\/td>\n<\/tr>\n<tr>\n<td valign=\"center\" width=\"234\">Longitud de marcado<\/td>\n<td valign=\"center\" width=\"668\">Ilimitado<\/td>\n<\/tr>\n<tr>\n<td valign=\"center\" width=\"234\">Modo de posicionamiento<\/td>\n<td valign=\"center\" width=\"668\">Posicionamiento y enfoque con luz roja<\/td>\n<\/tr>\n<tr>\n<td valign=\"center\" width=\"234\">N\u00famero de caracteres<\/td>\n<td valign=\"center\" width=\"668\">Cualquier l\u00ednea (multil\u00ednea) dentro del rango de marcado<\/td>\n<\/tr>\n<tr>\n<td valign=\"center\" width=\"234\">Velocidad de l\u00ednea<\/td>\n<td valign=\"center\" width=\"668\">Est\u00e1ndar 0~120m\/min (depende del material y texto)<\/td>\n<\/tr>\n<tr>\n<td colspan=\"2\" rowspan=\"4\" align=\"left\" valign=\"middle\">Tipo de soporte<\/td>\n<td valign=\"center\" width=\"234\">Tipo de letra<\/td>\n<td valign=\"center\" width=\"668\">Chino, Ingl\u00e9s, disponible para personalizaci\u00f3n<\/td>\n<\/tr>\n<tr>\n<td valign=\"center\" width=\"337\">Marcado<\/td>\n<td valign=\"center\" width=\"668\">N\u00famero, logo, imagen, letra, n\u00famero de serie, fecha y hora del sistema, etc.<\/td>\n<\/tr>\n<tr>\n<td valign=\"center\" width=\"234\">Formato de archivo<\/td>\n<td valign=\"center\" width=\"668\">CNF\/PLT<\/td>\n<\/tr>\n<tr>\n<td valign=\"center\" width=\"234\">C\u00f3digo de barras<\/td>\n<td valign=\"center\" width=\"668\">CODE39, CODE128, CODE126, QR, Z-Code<\/td>\n<\/tr>\n<tr>\n<td colspan=\"2\" rowspan=\"4\" align=\"left\" valign=\"middle\">Otros<\/td>\n<td valign=\"center\" width=\"234\">Alimentaci\u00f3n el\u00e9ctrica<\/td>\n<td valign=\"center\" width=\"668\">100-220V\/50-60HZ<\/td>\n<\/tr>\n<tr>\n<td valign=\"center\" width=\"234\">Consumo de energ\u00eda<\/td>\n<td valign=\"center\" width=\"668\">600W<\/td>\n<\/tr>\n<tr>\n<td valign=\"center\" width=\"234\">Peso neto<\/td>\n<td valign=\"center\" width=\"668\">68kg<\/td>\n<\/tr>\n<tr>\n<td valign=\"center\" width=\"234\">Dimensiones<\/td>\n<td valign=\"center\" width=\"668\">500mm x 450mm x 150mm<\/td>\n<\/tr>\n<tr>\n<td colspan=\"3\" valign=\"center\" width=\"469\">Requisitos ambientales<\/td>\n<td valign=\"center\" width=\"668\">0\u2103\uff0d45\u2103; humedad \u226495%; sin condensaci\u00f3n; sin vibraciones<\/td>\n<\/tr>\n<tr>\n<td colspan=\"4\" valign=\"center\" nowrap=\"nowrap\" width=\"1137\"><strong>Est\u00e1ndar de calidad de la m\u00e1quina de marcado l\u00e1ser volante CYCJET<\/strong><\/td>\n<\/tr>\n<tr>\n<td valign=\"center\" width=\"105\">GB 7247-87<\/td>\n<td colspan=\"3\" valign=\"center\" width=\"1032\">Seguridad de radiaci\u00f3n de productos l\u00e1ser, requisitos para clasificaci\u00f3n de equipos y gu\u00eda para usuarios<\/td>\n<\/tr>\n<tr>\n<td valign=\"center\" width=\"105\">GB10320-88<\/td>\n<td colspan=\"3\" valign=\"center\" width=\"1032\">Seguridad el\u00e9ctrica de equipos y dispositivos l\u00e1ser<\/td>\n<\/tr>\n<tr>\n<td valign=\"center\" width=\"105\">ISO 9000-3<\/td>\n<td colspan=\"3\" valign=\"center\" width=\"1032\">Normas internacionales de software<\/td>\n<\/tr>\n<tr>\n<td valign=\"center\" width=\"105\">GB\/T12123-89<\/td>\n<td colspan=\"3\" valign=\"center\" width=\"1032\">Proceso de empaquetado para venta<\/td>\n<\/tr>\n<tr>\n<td valign=\"center\" width=\"105\">IEC 536<\/td>\n<td colspan=\"3\" valign=\"center\" width=\"1032\">Clasificaci\u00f3n de equipos el\u00e9ctricos y electr\u00f3nicos para protecci\u00f3n contra choques el\u00e9ctricos<\/td>\n<\/tr>\n<\/tbody>\n<\/table>\n<\/div>\n<\/div>\n<\/div>\n<\/div>\n<div class=\"titlebar tem30-title content-section noScrollMove\">\n<div class=\"container mobile-pdlr0\">\n<div>\n<div class=\"tem30-list-title tem00-list-title\">\n<div class=\"title-header wow animated fadeInUp animated animated animated animated animated animated animated animated animated animated animated animated animated animated animated animated animated animated animated animated animated animated animated animated animated animated animated animated animated animated animated animated animated animated animated animated animated animated animated animated animated animated animated animated animated animated animated animated animated animated animated animated animated animated animated animated\">\n<div class=\"title\" data-content=\"title\"><\/div>\n<\/div>\n<\/div>\n<\/div>\n<\/div>\n<\/div>\n<\/div>\n\t\t<\/div>\n\t\t\t<\/div>\n\n\t\n<\/div>\n","protected":false},"excerpt":{"rendered":"<table style=\"font-size: 14.4px;\">\n<tbody>\n<tr>\n<td width=\"176\"><strong>Modelo:<\/strong><\/td>\n<td width=\"182\">LG5F<\/td>\n<\/tr>\n<tr>\n<td width=\"176\"><strong>Marca:<\/strong><\/td>\n<td width=\"182\">CYCJET<\/td>\n<\/tr>\n<tr>\n<td width=\"176\"><strong>MOQ:<\/strong><\/td>\n<td width=\"182\">1 Conjunto<\/td>\n<\/tr>\n<tr>\n<td width=\"176\"><strong>Certificaci\u00f3n:<\/strong><\/td>\n<td width=\"182\">CE, SGS, FDA<\/td>\n<\/tr>\n<tr>\n<td width=\"176\"><strong>Pago:<\/strong><\/td>\n<td width=\"182\">L \/ C, Efectivo, Western Union, T \/ T, Paypal<\/td>\n<\/tr>\n<tr>\n<td width=\"176\"><strong>Garant\u00eda:<\/strong><\/td>\n<td width=\"182\">1 A\u00f1o<\/td>\n<\/tr>\n<\/tbody>\n<\/table>\n","protected":false},"featured_media":255,"comment_status":"closed","ping_status":"closed","template":"","meta":[],"product_brand":[],"product_cat":[15,16],"product_tag":[],"class_list":{"0":"post-103","1":"product","2":"type-product","3":"status-publish","4":"has-post-thumbnail","6":"product_cat-laser-marking-machine","7":"product_cat-flying-laser-marking-machine","9":"first","10":"instock","11":"shipping-taxable","12":"product-type-simple"},"yoast_head":"<!-- This site is optimized with the Yoast SEO plugin v25.2 - https:\/\/yoast.com\/wordpress\/plugins\/seo\/ -->\n<title>Impresora l\u00e1ser verde voladora de alta velocidad CYCJET LG5F - CYCJET<\/title>\n<meta name=\"robots\" content=\"index, follow, max-snippet:-1, max-image-preview:large, max-video-preview:-1\" \/>\n<link rel=\"canonical\" href=\"https:\/\/www.cycjetes.com\/?product=cycjet-lg5f-high-speed-green-flying-laser-printer\" \/>\n<meta property=\"og:locale\" content=\"en_US\" \/>\n<meta property=\"og:type\" content=\"article\" \/>\n<meta property=\"og:title\" content=\"Impresora l\u00e1ser verde voladora de alta velocidad CYCJET LG5F - CYCJET\" \/>\n<meta property=\"og:description\" content=\"Modelo: LG5F   Marca: CYCJET   MOQ: 1 Conjunto   Certificaci\u00f3n: CE, SGS, FDA   Pago: L \/ C, Efectivo, Western Union, T \/ T, Paypal   Garant\u00eda: 1 A\u00f1o\" \/>\n<meta property=\"og:url\" content=\"https:\/\/www.cycjetes.com\/?product=cycjet-lg5f-high-speed-green-flying-laser-printer\" \/>\n<meta property=\"og:site_name\" content=\"CYCJET\" \/>\n<meta property=\"article:modified_time\" content=\"2026-01-22T06:50:50+00:00\" \/>\n<meta property=\"og:image\" content=\"https:\/\/www.cycjetes.com\/wp-content\/uploads\/2021\/08\/15730143409726.jpg\" \/>\n\t<meta property=\"og:image:width\" content=\"750\" \/>\n\t<meta property=\"og:image:height\" content=\"750\" \/>\n\t<meta property=\"og:image:type\" content=\"image\/jpeg\" \/>\n<meta name=\"twitter:card\" content=\"summary_large_image\" \/>\n<script type=\"application\/ld+json\" class=\"yoast-schema-graph\">{\"@context\":\"https:\/\/schema.org\",\"@graph\":[{\"@type\":\"WebPage\",\"@id\":\"https:\/\/www.cycjetes.com\/?product=cycjet-lg5f-high-speed-green-flying-laser-printer\",\"url\":\"https:\/\/www.cycjetes.com\/?product=cycjet-lg5f-high-speed-green-flying-laser-printer\",\"name\":\"Impresora l\u00e1ser verde voladora de alta velocidad CYCJET LG5F - CYCJET\",\"isPartOf\":{\"@id\":\"https:\/\/www.cycjetes.com\/#website\"},\"primaryImageOfPage\":{\"@id\":\"https:\/\/www.cycjetes.com\/?product=cycjet-lg5f-high-speed-green-flying-laser-printer#primaryimage\"},\"image\":{\"@id\":\"https:\/\/www.cycjetes.com\/?product=cycjet-lg5f-high-speed-green-flying-laser-printer#primaryimage\"},\"thumbnailUrl\":\"https:\/\/www.cycjetes.com\/wp-content\/uploads\/2021\/08\/15730143409726.jpg\",\"datePublished\":\"2021-08-09T06:38:33+00:00\",\"dateModified\":\"2026-01-22T06:50:50+00:00\",\"breadcrumb\":{\"@id\":\"https:\/\/www.cycjetes.com\/?product=cycjet-lg5f-high-speed-green-flying-laser-printer#breadcrumb\"},\"inLanguage\":\"en-US\",\"potentialAction\":[{\"@type\":\"ReadAction\",\"target\":[\"https:\/\/www.cycjetes.com\/?product=cycjet-lg5f-high-speed-green-flying-laser-printer\"]}]},{\"@type\":\"ImageObject\",\"inLanguage\":\"en-US\",\"@id\":\"https:\/\/www.cycjetes.com\/?product=cycjet-lg5f-high-speed-green-flying-laser-printer#primaryimage\",\"url\":\"https:\/\/www.cycjetes.com\/wp-content\/uploads\/2021\/08\/15730143409726.jpg\",\"contentUrl\":\"https:\/\/www.cycjetes.com\/wp-content\/uploads\/2021\/08\/15730143409726.jpg\",\"width\":750,\"height\":750},{\"@type\":\"BreadcrumbList\",\"@id\":\"https:\/\/www.cycjetes.com\/?product=cycjet-lg5f-high-speed-green-flying-laser-printer#breadcrumb\",\"itemListElement\":[{\"@type\":\"ListItem\",\"position\":1,\"name\":\"Home\",\"item\":\"https:\/\/www.cycjetes.com\/\"},{\"@type\":\"ListItem\",\"position\":2,\"name\":\"Products\",\"item\":\"https:\/\/www.cycjetes.com\/?page_id=7\"},{\"@type\":\"ListItem\",\"position\":3,\"name\":\"Impresora l\u00e1ser verde voladora de alta velocidad CYCJET LG5F\"}]},{\"@type\":\"WebSite\",\"@id\":\"https:\/\/www.cycjetes.com\/#website\",\"url\":\"https:\/\/www.cycjetes.com\/\",\"name\":\"CYCJET\",\"description\":\"\",\"potentialAction\":[{\"@type\":\"SearchAction\",\"target\":{\"@type\":\"EntryPoint\",\"urlTemplate\":\"https:\/\/www.cycjetes.com\/?s={search_term_string}\"},\"query-input\":{\"@type\":\"PropertyValueSpecification\",\"valueRequired\":true,\"valueName\":\"search_term_string\"}}],\"inLanguage\":\"en-US\"}]}<\/script>\n<!-- \/ Yoast SEO plugin. -->","yoast_head_json":{"title":"Impresora l\u00e1ser verde voladora de alta velocidad CYCJET LG5F - CYCJET","robots":{"index":"index","follow":"follow","max-snippet":"max-snippet:-1","max-image-preview":"max-image-preview:large","max-video-preview":"max-video-preview:-1"},"canonical":"https:\/\/www.cycjetes.com\/?product=cycjet-lg5f-high-speed-green-flying-laser-printer","og_locale":"en_US","og_type":"article","og_title":"Impresora l\u00e1ser verde voladora de alta velocidad CYCJET LG5F - CYCJET","og_description":"Modelo: LG5F   Marca: CYCJET   MOQ: 1 Conjunto   Certificaci\u00f3n: CE, SGS, FDA   Pago: L \/ C, Efectivo, Western Union, T \/ T, Paypal   Garant\u00eda: 1 A\u00f1o","og_url":"https:\/\/www.cycjetes.com\/?product=cycjet-lg5f-high-speed-green-flying-laser-printer","og_site_name":"CYCJET","article_modified_time":"2026-01-22T06:50:50+00:00","og_image":[{"width":750,"height":750,"url":"https:\/\/www.cycjetes.com\/wp-content\/uploads\/2021\/08\/15730143409726.jpg","type":"image\/jpeg"}],"twitter_card":"summary_large_image","schema":{"@context":"https:\/\/schema.org","@graph":[{"@type":"WebPage","@id":"https:\/\/www.cycjetes.com\/?product=cycjet-lg5f-high-speed-green-flying-laser-printer","url":"https:\/\/www.cycjetes.com\/?product=cycjet-lg5f-high-speed-green-flying-laser-printer","name":"Impresora l\u00e1ser verde voladora de alta velocidad CYCJET LG5F - CYCJET","isPartOf":{"@id":"https:\/\/www.cycjetes.com\/#website"},"primaryImageOfPage":{"@id":"https:\/\/www.cycjetes.com\/?product=cycjet-lg5f-high-speed-green-flying-laser-printer#primaryimage"},"image":{"@id":"https:\/\/www.cycjetes.com\/?product=cycjet-lg5f-high-speed-green-flying-laser-printer#primaryimage"},"thumbnailUrl":"https:\/\/www.cycjetes.com\/wp-content\/uploads\/2021\/08\/15730143409726.jpg","datePublished":"2021-08-09T06:38:33+00:00","dateModified":"2026-01-22T06:50:50+00:00","breadcrumb":{"@id":"https:\/\/www.cycjetes.com\/?product=cycjet-lg5f-high-speed-green-flying-laser-printer#breadcrumb"},"inLanguage":"en-US","potentialAction":[{"@type":"ReadAction","target":["https:\/\/www.cycjetes.com\/?product=cycjet-lg5f-high-speed-green-flying-laser-printer"]}]},{"@type":"ImageObject","inLanguage":"en-US","@id":"https:\/\/www.cycjetes.com\/?product=cycjet-lg5f-high-speed-green-flying-laser-printer#primaryimage","url":"https:\/\/www.cycjetes.com\/wp-content\/uploads\/2021\/08\/15730143409726.jpg","contentUrl":"https:\/\/www.cycjetes.com\/wp-content\/uploads\/2021\/08\/15730143409726.jpg","width":750,"height":750},{"@type":"BreadcrumbList","@id":"https:\/\/www.cycjetes.com\/?product=cycjet-lg5f-high-speed-green-flying-laser-printer#breadcrumb","itemListElement":[{"@type":"ListItem","position":1,"name":"Home","item":"https:\/\/www.cycjetes.com\/"},{"@type":"ListItem","position":2,"name":"Products","item":"https:\/\/www.cycjetes.com\/?page_id=7"},{"@type":"ListItem","position":3,"name":"Impresora l\u00e1ser verde voladora de alta velocidad CYCJET LG5F"}]},{"@type":"WebSite","@id":"https:\/\/www.cycjetes.com\/#website","url":"https:\/\/www.cycjetes.com\/","name":"CYCJET","description":"","potentialAction":[{"@type":"SearchAction","target":{"@type":"EntryPoint","urlTemplate":"https:\/\/www.cycjetes.com\/?s={search_term_string}"},"query-input":{"@type":"PropertyValueSpecification","valueRequired":true,"valueName":"search_term_string"}}],"inLanguage":"en-US"}]}},"_links":{"self":[{"href":"https:\/\/www.cycjetes.com\/index.php?rest_route=\/wp\/v2\/product\/103","targetHints":{"allow":["GET"]}}],"collection":[{"href":"https:\/\/www.cycjetes.com\/index.php?rest_route=\/wp\/v2\/product"}],"about":[{"href":"https:\/\/www.cycjetes.com\/index.php?rest_route=\/wp\/v2\/types\/product"}],"replies":[{"embeddable":true,"href":"https:\/\/www.cycjetes.com\/index.php?rest_route=%2Fwp%2Fv2%2Fcomments&post=103"}],"wp:featuredmedia":[{"embeddable":true,"href":"https:\/\/www.cycjetes.com\/index.php?rest_route=\/wp\/v2\/media\/255"}],"wp:attachment":[{"href":"https:\/\/www.cycjetes.com\/index.php?rest_route=%2Fwp%2Fv2%2Fmedia&parent=103"}],"wp:term":[{"taxonomy":"product_brand","embeddable":true,"href":"https:\/\/www.cycjetes.com\/index.php?rest_route=%2Fwp%2Fv2%2Fproduct_brand&post=103"},{"taxonomy":"product_cat","embeddable":true,"href":"https:\/\/www.cycjetes.com\/index.php?rest_route=%2Fwp%2Fv2%2Fproduct_cat&post=103"},{"taxonomy":"product_tag","embeddable":true,"href":"https:\/\/www.cycjetes.com\/index.php?rest_route=%2Fwp%2Fv2%2Fproduct_tag&post=103"}],"curies":[{"name":"wp","href":"https:\/\/api.w.org\/{rel}","templated":true}]}}